NOAA-Style Climate Reports

Select a Year or Month report
2018: Jan Feb Mar Apr May Jun Jul Aug Sep Oct Nov Dec
2017: Jan Feb Mar Apr May Jun Jul Aug Sep Oct Nov Dec
2016: Jan Feb Mar Apr May Jun Jul Aug Sep Oct Nov Dec
2015: Jan Feb Mar Apr May Jun Jul Aug Sep Oct Nov Dec
2014: Jan Feb Mar Apr May Jun Jul Aug Sep Oct Nov Dec
2013: Jan Feb Mar Apr May Jun Jul Aug Sep Oct Nov Dec
2012: Jan Feb Mar Apr May Jun Jul Aug Sep Oct Nov Dec
2011: Jan Feb Mar Apr May Jun Jul Aug Sep Oct Nov Dec
2010: Jan Feb Mar Apr May Jun Jul Aug Sep Oct Nov Dec
2009: Jan Feb Mar Apr May Jun Jul Aug Sep Oct Nov Dec
2008: Jan Feb Mar Apr May Jun Jul Aug Sep Oct Nov Dec
2007: Jan Feb Mar Apr May Jun Jul Aug Sep Oct Nov Dec
2006: Jan Feb Mar Apr May Jun Jul Aug Sep Oct Nov Dec
2005: Jan Feb Mar Apr May Jun Jul Aug Sep Oct Nov Dec
2004: Jan Feb Mar Apr May Jun Jul Aug Sep Oct Nov Dec
2003: Jan Feb Mar Apr May Jun Jul Aug Sep Oct Nov Dec
2002: Jan Feb Mar Apr May Jun Jul Aug Sep Oct Nov Dec
2001: Jan Feb Mar Apr May Jun Jul Aug Sep Oct Nov Dec
2000: Jan Feb Mar Apr May Jun Jul Aug Sep Oct Nov Dec
1999: Jan Feb Mar Apr May Jun Jul Aug Sep Oct Nov Dec
1998: Jan Feb Mar Apr May Jun Jul Aug Sep Oct Nov Dec
1997: Jan Feb Mar Apr May Jun Jul Aug Sep Oct Nov Dec
1996: Jan Feb Mar Apr May Jun Jul Aug Sep Oct Nov Dec
1995: Jan Feb Mar Apr May Jun Jul Aug Sep Oct Nov Dec
1994: Jan Feb Mar Apr May Jun Jul Aug Sep Oct Nov Dec
1993: Jan Feb Mar Apr May Jun Jul Aug Sep Oct Nov Dec
1992: Jan Feb Mar Apr May Jun Jul Aug Sep Oct Nov Dec
1991: Jan Feb Mar Apr May Jun Jul Aug Sep Oct Nov Dec
1990: Jan Feb Mar Apr May Jun Jul Aug Sep Oct Nov Dec
1989: Jan Feb Mar Apr May Jun Jul Aug Sep Oct Nov Dec
1988: Jan Feb Mar Apr May Jun Jul Aug Sep Oct Nov Dec
1987: Jan Feb Mar Apr May Jun Jul Aug Sep Oct Nov Dec
1986: Jan Feb Mar Apr May Jun Jul Aug Sep Oct Nov Dec

Report for 2016 June
                  MONTHLY CLIMATOLOGICAL SUMMARY FOR 6/2016
                                        HEAT  COOL        
     MEAN                               DEG   DEG       WIND SPEED       DOM MEAN  MEAN
DAY  TEMP  HIGH   TIME     LOW   TIME   DAYS  DAYS RAIN AVG  HI  TIME    DIR BAROM HUM
---------------------------------------------------------------------------------------
1    59.2  74.0   3:23pm  47.5   6:27am    7    2  0.06   1  11   5:44pm   E 30.14   65
2    67.4  80.3   4:10pm  49.5   5:24am    4    6  0.00   1  11   2:53pm ESE 30.15   46
3    68.7  77.9  10:13am  50.3   1:19am    2    6  0.00   1  14   1:15pm   E 30.19   42
4    66.9  79.0   9:54am  53.1   5:54am    3    5  0.00   1  10   5:27pm NNE 30.30   48
5    70.1  82.6  10:12am  53.5   5:38am    3    8  0.00   1   9   6:31pm   E 30.18   43
6    65.7  85.0   9:53am  48.4   5:28pm    5    6  0.76   1  22  11:50am ESE 30.14   57
7    63.6  78.3   1:25pm  52.8   2:50am    5    4  0.18   0  11  10:17am ESE 30.08   62
8    70.1  82.3  10:24am  57.4   5:22am    2    7  0.02   1  18  12:19pm   W 30.04   44
9    74.1  88.7  10:16am  58.1   5:42am    1   10  0.00   1  16  11:05am WSW 30.04   40
10   76.0  92.0  10:20am  62.3   5:22am    0   11  0.00   1  20  11:07am WNW 30.07   34
11   76.8  89.5  10:16am  59.0   5:42am    0   12  0.00   2  19   1:58pm SSE 30.07   36
12   70.6  86.9   3:39pm  59.9   5:42am    1    7  0.00   1  16   1:33pm ESE 30.17   50
13   62.4  79.7   3:40pm  53.7  11:46pm    5    2  0.19   1  12   1:04pm  SE 30.14   67
14   66.1  83.3   3:39pm  47.9   5:22am    5    6  0.00   0  14   1:58pm ESE 30.01   49
15   74.1  87.8   4:56pm  54.4   6:14am    2   11  0.00   2  21   6:01pm ESE 30.00   34
16   77.7  91.6   9:43am  62.6   5:35am    0   13  0.00   2  21  11:32am  SE 29.99   23
17   75.0  89.3   9:47am  57.7   5:15am    1   11  0.00   2  19  11:28am NNE 30.18   35
18   75.4  90.7   3:41pm  59.0   5:48am    1   11  0.00   2  22   3:32pm SSE 30.26   45
19   81.7  94.9   3:46pm  62.6   5:46am    0   17  0.00   6  23  12:40pm ESE 30.23   38
20   69.4  83.3   9:14am  61.4   6:43pm    1    5  0.06   1   9   1:00pm NNE 30.34   58
21   78.3  94.7   3:30pm  58.0   5:40am    1   14  0.02   3  24   6:29pm  SW 30.16   44
22   70.9  79.0  10:30am  63.1  11:18pm    0    6  0.00   0   9   5:06pm   E 30.19   45
23   74.3  90.5  10:24am  62.6   5:39am    0    9  0.02   1  18  10:41am SSE 30.16   45
24   73.4  91.6  12:16pm  62.3   2:21am    0    9  0.12   1  22  12:11pm  SE 30.09   44
25   71.9  84.6  10:48am  62.8   5:22am    0    7  0.00   0  13  11:07am ESE 30.14   45
26   74.5  87.3   2:55pm  57.6   4:49am    1   11  0.00   2  23   2:16pm  SE 30.22   45
27   77.4  90.7   9:37am  61.4   5:37am    0   13  0.00   4  22   4:52pm   E 30.29   38
28   72.5  88.9   3:42pm  58.7   5:34am    1    9  0.12   3  21   4:25pm  SE 30.29   53
29   70.7  88.0   2:47pm  52.6   5:22am    2    8  0.00   1  19   3:24pm NNE 30.22   52
30   65.4  75.2   1:03pm  58.7   6:36am    2    2  0.02   0   7   6:47pm NNE 30.22   62
---------------------------------------------------------------------------------------
TOT  71.3  94.9  6/19/16 -22.3   6/3/16   56  246  1.57   2  24  6/21/16 ESE 30.16   46

HEAT BASE: 65.0
COOL BASE: 65.0