NOAA-Style Climate Reports

Select a Year or Month report
2018: Jan Feb Mar Apr May Jun Jul Aug Sep Oct Nov Dec
2017: Jan Feb Mar Apr May Jun Jul Aug Sep Oct Nov Dec
2016: Jan Feb Mar Apr May Jun Jul Aug Sep Oct Nov Dec
2015: Jan Feb Mar Apr May Jun Jul Aug Sep Oct Nov Dec
2014: Jan Feb Mar Apr May Jun Jul Aug Sep Oct Nov Dec
2013: Jan Feb Mar Apr May Jun Jul Aug Sep Oct Nov Dec
2012: Jan Feb Mar Apr May Jun Jul Aug Sep Oct Nov Dec
2011: Jan Feb Mar Apr May Jun Jul Aug Sep Oct Nov Dec
2010: Jan Feb Mar Apr May Jun Jul Aug Sep Oct Nov Dec
2009: Jan Feb Mar Apr May Jun Jul Aug Sep Oct Nov Dec
2008: Jan Feb Mar Apr May Jun Jul Aug Sep Oct Nov Dec
2007: Jan Feb Mar Apr May Jun Jul Aug Sep Oct Nov Dec
2006: Jan Feb Mar Apr May Jun Jul Aug Sep Oct Nov Dec
2005: Jan Feb Mar Apr May Jun Jul Aug Sep Oct Nov Dec
2004: Jan Feb Mar Apr May Jun Jul Aug Sep Oct Nov Dec
2003: Jan Feb Mar Apr May Jun Jul Aug Sep Oct Nov Dec
2002: Jan Feb Mar Apr May Jun Jul Aug Sep Oct Nov Dec
2001: Jan Feb Mar Apr May Jun Jul Aug Sep Oct Nov Dec
2000: Jan Feb Mar Apr May Jun Jul Aug Sep Oct Nov Dec
1999: Jan Feb Mar Apr May Jun Jul Aug Sep Oct Nov Dec
1998: Jan Feb Mar Apr May Jun Jul Aug Sep Oct Nov Dec
1997: Jan Feb Mar Apr May Jun Jul Aug Sep Oct Nov Dec
1996: Jan Feb Mar Apr May Jun Jul Aug Sep Oct Nov Dec
1995: Jan Feb Mar Apr May Jun Jul Aug Sep Oct Nov Dec
1994: Jan Feb Mar Apr May Jun Jul Aug Sep Oct Nov Dec
1993: Jan Feb Mar Apr May Jun Jul Aug Sep Oct Nov Dec
1992: Jan Feb Mar Apr May Jun Jul Aug Sep Oct Nov Dec
1991: Jan Feb Mar Apr May Jun Jul Aug Sep Oct Nov Dec
1990: Jan Feb Mar Apr May Jun Jul Aug Sep Oct Nov Dec
1989: Jan Feb Mar Apr May Jun Jul Aug Sep Oct Nov Dec
1988: Jan Feb Mar Apr May Jun Jul Aug Sep Oct Nov Dec
1987: Jan Feb Mar Apr May Jun Jul Aug Sep Oct Nov Dec
1986: Jan Feb Mar Apr May Jun Jul Aug Sep Oct Nov Dec

Report for 2016 July
                  MONTHLY CLIMATOLOGICAL SUMMARY FOR 7/2016
                                        HEAT  COOL        
     MEAN                               DEG   DEG       WIND SPEED       DOM MEAN  MEAN
DAY  TEMP  HIGH   TIME     LOW   TIME   DAYS  DAYS RAIN AVG  HI  TIME    DIR BAROM HUM
---------------------------------------------------------------------------------------
1    64.1  74.0  12:42pm  56.5   5:34am    3    2  0.23   0  11   1:15pm  SE 30.16   74
2    65.0  76.3   4:02pm  57.6   5:48am    3    3  0.10   0   9   5:26pm NNE 30.12   67
3    70.5  84.4   4:27pm  57.6   5:32am    2    7  0.00   0  17   5:14pm NNE 30.12   49
4    75.4  88.9  10:28am  62.4   4:31am    1   11  0.00   2  22   5:14pm SSE 30.12   37
5    74.0  87.1   4:06pm  63.4   6:13am    0    9  0.06   1  18  11:27am WSW 30.08   41
6    76.5  90.4   2:45pm  57.6   4:48am    1   13  0.00   2  22   2:47pm SSW 30.02   37
7    76.1  91.6   9:18am  59.9   5:46am    0   12  0.00   1  20   5:41pm ESE 30.06   31
8    74.0  87.1  12:35pm  59.8   5:32am    1    9  0.00   0  17  12:35pm  SE 30.14   45
9    79.9  92.7   9:59am  63.9   5:51am    0   15  0.00   5  23   5:41pm  SE 30.13   33
10   83.0  95.2   3:55pm  67.2   2:54am    0   18  0.00   7  24   1:54pm WSW 29.95   26
11   74.3  83.2   4:02pm  61.9   6:48am    0    9  0.00   1  17   1:02pm ESE 29.96   33
12   74.2  86.8   5:00pm  55.6   5:22am    1   11  0.00   2  22   6:04pm ESE 30.04   39
13   75.9  92.0   9:11am  59.2   6:07am    1   12  0.00   1  19   3:48pm ESE 30.13   29
14   71.7  82.4   9:25am  55.1   6:07am    1    8  0.00   0  15  12:43pm NNE 30.22   39
15   74.5  92.5  10:16am  63.4  11:58pm    0    9  0.00   2  18  10:16am NNE 30.16   44
16   77.5  90.9   3:05pm  59.0   6:34am    1   13  0.00   4  23  11:38am NNE 30.04   43
17   33.0  52.0  11:16am  32.0  12:57am    1    0  0.00   01854  12:57am SSE  6.29   95
---------------------------------------------------------------------------------------
TOT  34.7  52.0  7/17/16  32.0  3/17/18   16  161  0.00   01854  3/17/18   E  6.30   99

HEAT BASE: 65.0
COOL BASE: 65.0