NOAA-Style Climate Reports

Select a Year or Month report
2018: Jan Feb Mar Apr May Jun Jul Aug Sep Oct Nov Dec
2017: Jan Feb Mar Apr May Jun Jul Aug Sep Oct Nov Dec
2016: Jan Feb Mar Apr May Jun Jul Aug Sep Oct Nov Dec
2015: Jan Feb Mar Apr May Jun Jul Aug Sep Oct Nov Dec
2014: Jan Feb Mar Apr May Jun Jul Aug Sep Oct Nov Dec
2013: Jan Feb Mar Apr May Jun Jul Aug Sep Oct Nov Dec
2012: Jan Feb Mar Apr May Jun Jul Aug Sep Oct Nov Dec
2011: Jan Feb Mar Apr May Jun Jul Aug Sep Oct Nov Dec
2010: Jan Feb Mar Apr May Jun Jul Aug Sep Oct Nov Dec
2009: Jan Feb Mar Apr May Jun Jul Aug Sep Oct Nov Dec
2008: Jan Feb Mar Apr May Jun Jul Aug Sep Oct Nov Dec
2007: Jan Feb Mar Apr May Jun Jul Aug Sep Oct Nov Dec
2006: Jan Feb Mar Apr May Jun Jul Aug Sep Oct Nov Dec
2005: Jan Feb Mar Apr May Jun Jul Aug Sep Oct Nov Dec
2004: Jan Feb Mar Apr May Jun Jul Aug Sep Oct Nov Dec
2003: Jan Feb Mar Apr May Jun Jul Aug Sep Oct Nov Dec
2002: Jan Feb Mar Apr May Jun Jul Aug Sep Oct Nov Dec
2001: Jan Feb Mar Apr May Jun Jul Aug Sep Oct Nov Dec
2000: Jan Feb Mar Apr May Jun Jul Aug Sep Oct Nov Dec
1999: Jan Feb Mar Apr May Jun Jul Aug Sep Oct Nov Dec
1998: Jan Feb Mar Apr May Jun Jul Aug Sep Oct Nov Dec
1997: Jan Feb Mar Apr May Jun Jul Aug Sep Oct Nov Dec
1996: Jan Feb Mar Apr May Jun Jul Aug Sep Oct Nov Dec
1995: Jan Feb Mar Apr May Jun Jul Aug Sep Oct Nov Dec
1994: Jan Feb Mar Apr May Jun Jul Aug Sep Oct Nov Dec
1993: Jan Feb Mar Apr May Jun Jul Aug Sep Oct Nov Dec
1992: Jan Feb Mar Apr May Jun Jul Aug Sep Oct Nov Dec
1991: Jan Feb Mar Apr May Jun Jul Aug Sep Oct Nov Dec
1990: Jan Feb Mar Apr May Jun Jul Aug Sep Oct Nov Dec
1989: Jan Feb Mar Apr May Jun Jul Aug Sep Oct Nov Dec
1988: Jan Feb Mar Apr May Jun Jul Aug Sep Oct Nov Dec
1987: Jan Feb Mar Apr May Jun Jul Aug Sep Oct Nov Dec
1986: Jan Feb Mar Apr May Jun Jul Aug Sep Oct Nov Dec

Report for 2016 August
                  MONTHLY CLIMATOLOGICAL SUMMARY FOR 8/2016
                                        HEAT  COOL        
     MEAN                               DEG   DEG       WIND SPEED       DOM MEAN  MEAN
DAY  TEMP  HIGH   TIME     LOW   TIME   DAYS  DAYS RAIN AVG  HI  TIME    DIR BAROM HUM
---------------------------------------------------------------------------------------
1    78.2  94.5   9:53am  62.3   6:04am    0   13  0.00   3  22   3:31pm NNE 30.12   36
2    75.7  90.5   3:29pm  62.4   5:13am    0   11  0.00   3  22   3:08pm  SE 30.23   37
3    76.9  96.3   4:17pm  61.4   5:22am    1   12  0.20   4  24   3:09pm NNE 30.14   46
4    66.3  72.7   1:27pm  61.7  10:53pm    1    2  0.00   0   0  12:00am   N 30.21   48
5    64.5  73.6   4:21pm  58.0   5:22am    2    2  0.00   0   0  12:00am   N 30.20   56
6    67.2  78.8   5:21pm  57.8   5:30am    2    4  0.00   0   0  12:00am   N 30.14   64
7    73.0  86.8   4:09pm  56.3   5:38am    1    9  0.00   0  16   3:52pm NNE 30.12   51
8    74.6  88.0   9:53am  62.3   7:14am    0   10  0.00   0  17   6:26pm  SE 30.08   45
9    77.6  95.8   9:59am  63.5   6:51am    0   13  0.00   3  23   4:22pm ESE 30.06   36
10   75.3  92.9  10:04am  63.2   6:11am    0   10  0.00   1  21   1:51pm ESE 30.08   39
11   72.8  90.2  10:03am  62.2   2:50am    1    8  0.02   0  20  10:18am NNE 30.14   41
12   68.3  83.7   9:52am  52.0   6:16am    3    6  0.00   0   0  12:00am   N 30.24   47
13   72.4  85.7   9:50am  57.9   3:14am    2    9  0.00   0  14   3:56pm NNE 30.21   36
14   72.9  88.6   9:45am  56.0   5:32am    2   10  0.00   1  19   4:12pm ESE 30.19   38
15   75.2  93.2   9:56am  62.1   6:28am    0   10  0.00   0  20   3:17pm NNE 30.18   30
16   71.2  88.9   9:52am  54.4   5:58am    2    8  0.04   1  15   3:43pm NNE 30.24   41
17   72.9  88.9  10:00am  59.2   5:31am    1    9  0.00   1  16   2:49pm SSW 30.19   39
18   70.4  90.7   9:54am  59.2   6:05am    1    6  0.00   1   8   9:41am NNE 30.15   42
19   60.1  77.0   3:07pm  46.0  10:24pm    7    2  0.10   1   8   6:07pm NNE 30.17   65
20   60.1  74.2   5:31pm  50.6  12:28am    7    2  0.00   0   8   2:25pm   E 30.17   56
21   70.7  86.6  10:02am  51.1   6:35am    4    9  0.00   0  16   4:10pm ESE 30.10   44
22   73.7  88.7  10:03am  61.9   5:48am    0    9  0.00   1  17   4:16pm  SE 30.03   32
23   70.3  90.4   9:57am  60.3   6:27am    1    6  0.00   0  11  10:42am   W 30.10   37
24   59.4  62.3   9:12am  53.0  11:39pm    6    0  0.04   0   7   4:37pm  SE 30.22   60
25   56.9  70.6   9:45am  47.2   6:30am    8    0  0.04   0   6   5:17pm  SE 30.24   63
26   61.7  73.1   4:44pm  52.0   6:57am    5    2  0.00   0   9   9:22pm   W 30.15   55
27   66.9  85.7   9:53am  47.3   6:08am    4    6  0.00   0   9   2:46pm ESE 30.13   45
28   69.0  81.9   2:08pm  59.9   5:22am    1    5  0.00   0  10  12:27pm  NE 30.19   42
29   63.5  84.2   9:45am  56.5  11:52pm    4    3  0.00   0  11   1:31pm WSW 30.30   56
30   66.4  84.6   9:48am  54.5   6:52am    4    5  0.70   0  11   7:29pm ESE 30.31   55
31   63.8  75.8   4:01pm  50.4   6:19am    4    3  0.00   0   6   2:42pm ESE 30.27   67
---------------------------------------------------------------------------------------
TOT  69.3  96.3   8/3/16 -21.6  8/20/16   75  207  1.14   1  24   8/3/16 NNE 30.17   47

HEAT BASE: 65.0
COOL BASE: 65.0