NOAA-Style Climate Reports

Select a Year or Month report
2018: Jan Feb Mar Apr May Jun Jul Aug Sep Oct Nov Dec
2017: Jan Feb Mar Apr May Jun Jul Aug Sep Oct Nov Dec
2016: Jan Feb Mar Apr May Jun Jul Aug Sep Oct Nov Dec
2015: Jan Feb Mar Apr May Jun Jul Aug Sep Oct Nov Dec
2014: Jan Feb Mar Apr May Jun Jul Aug Sep Oct Nov Dec
2013: Jan Feb Mar Apr May Jun Jul Aug Sep Oct Nov Dec
2012: Jan Feb Mar Apr May Jun Jul Aug Sep Oct Nov Dec
2011: Jan Feb Mar Apr May Jun Jul Aug Sep Oct Nov Dec
2010: Jan Feb Mar Apr May Jun Jul Aug Sep Oct Nov Dec
2009: Jan Feb Mar Apr May Jun Jul Aug Sep Oct Nov Dec
2008: Jan Feb Mar Apr May Jun Jul Aug Sep Oct Nov Dec
2007: Jan Feb Mar Apr May Jun Jul Aug Sep Oct Nov Dec
2006: Jan Feb Mar Apr May Jun Jul Aug Sep Oct Nov Dec
2005: Jan Feb Mar Apr May Jun Jul Aug Sep Oct Nov Dec
2004: Jan Feb Mar Apr May Jun Jul Aug Sep Oct Nov Dec
2003: Jan Feb Mar Apr May Jun Jul Aug Sep Oct Nov Dec
2002: Jan Feb Mar Apr May Jun Jul Aug Sep Oct Nov Dec
2001: Jan Feb Mar Apr May Jun Jul Aug Sep Oct Nov Dec
2000: Jan Feb Mar Apr May Jun Jul Aug Sep Oct Nov Dec
1999: Jan Feb Mar Apr May Jun Jul Aug Sep Oct Nov Dec
1998: Jan Feb Mar Apr May Jun Jul Aug Sep Oct Nov Dec
1997: Jan Feb Mar Apr May Jun Jul Aug Sep Oct Nov Dec
1996: Jan Feb Mar Apr May Jun Jul Aug Sep Oct Nov Dec
1995: Jan Feb Mar Apr May Jun Jul Aug Sep Oct Nov Dec
1994: Jan Feb Mar Apr May Jun Jul Aug Sep Oct Nov Dec
1993: Jan Feb Mar Apr May Jun Jul Aug Sep Oct Nov Dec
1992: Jan Feb Mar Apr May Jun Jul Aug Sep Oct Nov Dec
1991: Jan Feb Mar Apr May Jun Jul Aug Sep Oct Nov Dec
1990: Jan Feb Mar Apr May Jun Jul Aug Sep Oct Nov Dec
1989: Jan Feb Mar Apr May Jun Jul Aug Sep Oct Nov Dec
1988: Jan Feb Mar Apr May Jun Jul Aug Sep Oct Nov Dec
1987: Jan Feb Mar Apr May Jun Jul Aug Sep Oct Nov Dec
1986: Jan Feb Mar Apr May Jun Jul Aug Sep Oct Nov Dec

Report for 2016 September
                  MONTHLY CLIMATOLOGICAL SUMMARY FOR 9/2016
                                        HEAT  COOL        
     MEAN                               DEG   DEG       WIND SPEED       DOM MEAN  MEAN
DAY  TEMP  HIGH   TIME     LOW   TIME   DAYS  DAYS RAIN AVG  HI  TIME    DIR BAROM HUM
---------------------------------------------------------------------------------------
1    68.7  82.4   2:41pm  54.4   6:43am    2    6  0.00   0  13  11:23pm  SE 30.20   59
2    68.7  79.4   4:22pm  60.3   6:46am    1    4  0.00   1   7   1:29am SSE 30.10   54
3    70.5  86.2   3:07pm  57.7   4:31am    1    7  0.00   0  16   3:29pm NNE 30.03   47
4    69.9  88.9   9:40am  53.6   6:40am    2    7  0.00   0  10   3:57pm  SW 29.94   46
5    71.4  90.7   3:55pm  53.2   4:31am    3    9  0.00   0  17  10:23am WSW 29.96   42
6    64.0  75.8   5:13pm  56.3   5:05am    3    2  0.04   0   6   5:34pm   N 30.07   63
7    67.8  83.3   3:57pm  52.6   6:53am    3    6  0.00   0  10   6:44pm ESE 30.09   50
8    71.2  86.9   3:52pm  53.8   5:54am    3    9  0.00   0  12   4:48pm ESE 30.09   33
9    61.7  74.9  10:10am  46.3  11:56pm    6    2  0.00   0  10  10:06am NNE 30.21   41
10   61.6  80.3   3:50pm  40.7   6:04am    7    4  0.00   0  15  12:01pm  SE 30.27   45
11   72.0  87.8   3:37pm  56.7   1:28am    2    9  0.00   0  16   3:18pm   E 30.11   26
12   64.9  75.6  10:10am  50.5  11:22pm    3    3  0.06   1   7   2:07pm   E 30.08   42
13   54.2  66.8   3:41pm  46.6   5:37am   11    0  0.00   1  10   2:07pm   N 30.21   71
14   61.2  80.6   3:42pm  47.1   3:55am    7    3  0.00   0  16   4:12pm WSW 30.13   57
15   61.1  74.5   2:25pm  47.2   7:13am    7    3  0.00   1  10   6:16pm NNE 30.12   52
16   59.1  74.7   3:40pm  44.3   6:35am    7    1  0.00   1  11   4:25pm ESE 30.18   48
17   62.6  77.0   3:40pm  49.5   6:39am    5    3  0.00   0   0  12:00am   N 30.15   42
18   69.6  88.4   3:36pm  55.4   5:37am    3    8  0.00   0   0  12:00am   N 30.12   27
19   73.5  92.2   3:36pm  57.4   6:31am    1   10  0.00   0  17   5:38pm   E 30.20   26
20   72.7  87.3   3:31pm  60.8   4:31am    1    8  0.00   0  14   3:23pm   E 30.17   27
21   70.4  84.6  10:17am  62.8   6:54am    0    6  0.00   0  15  10:15am   W 30.10   36
22   62.2  74.2   3:36pm  50.8   6:47am    4    1  0.00   0   0  12:00am   N 30.04   58
23   66.5  86.4   3:41pm  51.0  11:32pm    4    6  0.00   0  13   4:17pm WSW 29.88   46
24   55.4  68.6   2:01pm  44.3   6:57am   10    0  0.00   0   0  12:00am   N 30.07   35
25   53.4  71.5   3:40pm  41.6   6:23am   12    0  0.00   0   8  10:08am   S 30.37   46
26   59.0  81.2   3:38pm -21.0  11:54pm    8    2  0.00   0   0  12:00am   N 30.35   39
27   63.4  87.5   3:38pm  47.9   6:54am    6    4  0.00   0   0  12:00am   N 30.22   34
28   65.5  85.5   3:40pm  51.8   6:28am    4    5  0.00   0   0  12:03am   N 30.29   32
29   65.5  89.8   3:40pm  32.0   2:45am    5    5  0.00   0   4   2:51pm   S 30.29   38
---------------------------------------------------------------------------------------
TOT  55.7  88.9 10/10/16  32.0  9/29/16  132  134  0.00   0  10  10/3/16 WSW 30.08   43

HEAT BASE: 65.0
COOL BASE: 65.0