NOAA-Style Climate Reports

Select a Year or Month report
2018: Jan Feb Mar Apr May Jun Jul Aug Sep Oct Nov Dec
2017: Jan Feb Mar Apr May Jun Jul Aug Sep Oct Nov Dec
2016: Jan Feb Mar Apr May Jun Jul Aug Sep Oct Nov Dec
2015: Jan Feb Mar Apr May Jun Jul Aug Sep Oct Nov Dec
2014: Jan Feb Mar Apr May Jun Jul Aug Sep Oct Nov Dec
2013: Jan Feb Mar Apr May Jun Jul Aug Sep Oct Nov Dec
2012: Jan Feb Mar Apr May Jun Jul Aug Sep Oct Nov Dec
2011: Jan Feb Mar Apr May Jun Jul Aug Sep Oct Nov Dec
2010: Jan Feb Mar Apr May Jun Jul Aug Sep Oct Nov Dec
2009: Jan Feb Mar Apr May Jun Jul Aug Sep Oct Nov Dec
2008: Jan Feb Mar Apr May Jun Jul Aug Sep Oct Nov Dec
2007: Jan Feb Mar Apr May Jun Jul Aug Sep Oct Nov Dec
2006: Jan Feb Mar Apr May Jun Jul Aug Sep Oct Nov Dec
2005: Jan Feb Mar Apr May Jun Jul Aug Sep Oct Nov Dec
2004: Jan Feb Mar Apr May Jun Jul Aug Sep Oct Nov Dec
2003: Jan Feb Mar Apr May Jun Jul Aug Sep Oct Nov Dec
2002: Jan Feb Mar Apr May Jun Jul Aug Sep Oct Nov Dec
2001: Jan Feb Mar Apr May Jun Jul Aug Sep Oct Nov Dec
2000: Jan Feb Mar Apr May Jun Jul Aug Sep Oct Nov Dec
1999: Jan Feb Mar Apr May Jun Jul Aug Sep Oct Nov Dec
1998: Jan Feb Mar Apr May Jun Jul Aug Sep Oct Nov Dec
1997: Jan Feb Mar Apr May Jun Jul Aug Sep Oct Nov Dec
1996: Jan Feb Mar Apr May Jun Jul Aug Sep Oct Nov Dec
1995: Jan Feb Mar Apr May Jun Jul Aug Sep Oct Nov Dec
1994: Jan Feb Mar Apr May Jun Jul Aug Sep Oct Nov Dec
1993: Jan Feb Mar Apr May Jun Jul Aug Sep Oct Nov Dec
1992: Jan Feb Mar Apr May Jun Jul Aug Sep Oct Nov Dec
1991: Jan Feb Mar Apr May Jun Jul Aug Sep Oct Nov Dec
1990: Jan Feb Mar Apr May Jun Jul Aug Sep Oct Nov Dec
1989: Jan Feb Mar Apr May Jun Jul Aug Sep Oct Nov Dec
1988: Jan Feb Mar Apr May Jun Jul Aug Sep Oct Nov Dec
1987: Jan Feb Mar Apr May Jun Jul Aug Sep Oct Nov Dec
1986: Jan Feb Mar Apr May Jun Jul Aug Sep Oct Nov Dec

Report for 2016 October
                  MONTHLY CLIMATOLOGICAL SUMMARY FOR 10/2016
                                        HEAT  COOL        
     MEAN                               DEG   DEG       WIND SPEED       DOM MEAN  MEAN
DAY  TEMP  HIGH   TIME     LOW   TIME   DAYS  DAYS RAIN AVG  HI  TIME    DIR BAROM HUM
---------------------------------------------------------------------------------------
1    62.9  79.9   3:48pm  51.5   5:22am    5    3  0.00   0   0  12:00am   N 30.13   50
2    64.7  81.5   3:28pm  52.9   5:49am    4    4  0.00   0   2   7:36pm SSE 30.08   45
3    63.9  80.8   3:46pm  51.2  11:49pm    4    3  0.00   0  10   1:20pm WSW 29.75   37
4    50.6  70.0   3:43pm  39.2   7:16am   14    0  0.00   0   0  12:00am   N 29.85   31
5    52.1  64.4   3:43pm  37.9   2:50am   13    0  0.00   0   1  10:16am SSW 29.97   32
6    43.2  56.5   3:35pm  36.1  11:30pm   22    0  0.14   0   0  12:00am   N 30.12   63
7    49.7  77.8   3:44pm  34.2   4:48am   16    0  0.00   0   4   1:18pm   E 30.25   47
8    57.0  78.3   3:48pm  42.2   4:15am    9    1  0.00   0   5   2:03pm ESE 30.25   32
9    59.1  75.4   3:48pm  43.6   6:47am    7    2  0.00   0   0  12:00am   N 30.18   34
10   62.6  88.9   3:48pm  51.1   6:17am    5    3  0.00   0   0  12:00am   N 30.12   33
11   61.2  74.2   2:54pm  50.8  11:55pm    6    2  0.00   0   9   6:02pm WSW 30.08   38
12   40.5  50.8  12:00am  34.9   7:08am   23    0  0.06   0   0  12:00am   N 30.22   76
13
14
15
16   68.5  92.3   4:17pm  48.6  11:57pm    2    3  0.00   0  10   5:23pm WSW 29.83   28
17   52.8  77.9   1:43pm  42.3   1:39am   13    1  0.00   0   9   2:09pm ESE 29.77   45
18   48.9  72.5   4:09pm  34.0   6:31am   16    0  0.00   0   1   4:33pm ESE 30.02   44
19   45.6  65.0   3:52pm  34.9   7:31am   19    0  0.00   1   9   4:35pm NNE 30.23   51
20   44.7  74.5   4:21pm  29.5   6:13am   20    0  0.00   0   8  12:44pm ESE 30.33   45
21   58.3  90.5   3:54pm  41.2   1:09am   10    3  0.00   0  10   1:57pm ESE 30.15   23
22   59.7  94.1   4:00pm  40.0   6:46am    9    4  0.00   0   7   3:00pm ESE 30.06   25
23   56.8  81.9   3:56pm  40.7   7:20am   10    2  0.00   0   7   9:38pm   N 30.21   31
24   59.7  86.9   3:51pm  42.1   5:46am    9    3  0.00   0  10  12:30pm ESE 30.20   33
25   59.6  74.2   4:03pm  48.5  11:44pm    6    1  0.00   0   6   4:38pm ESE 30.13   37
26   57.7  84.4   4:32pm  45.5   6:11am    9    2  0.00   0   8   2:38pm ESE 30.26   39
27   62.6  89.6   3:51pm  46.2   2:52am    7    4  0.00   0   8   4:06pm ESE 30.18   30
28   66.6  89.3   4:42pm  55.9  10:33pm    2    4  0.00   0   8  11:34am WSW 30.08   26
29   63.5  90.9   4:36pm  49.3  11:57pm    5    3  0.00   0   7   3:42pm ESE 30.12   35
30   56.5  75.4   1:39pm  39.8   6:01am   10    2  0.00   0   4   5:36pm SSE 30.14   50
31   63.6  86.6   2:53pm  50.1  11:39pm    5    4  0.00   1  12   5:37pm   E 29.90   31
---------------------------------------------------------------------------------------
TOT  56.6  94.1 10/22/16 -22.3 10/17/16  282   55  0.20   0  12 10/31/16 ESE 30.10   39

HEAT BASE: 65.0
COOL BASE: 65.0