NOAA-Style Climate Reports

Select a Year or Month report
2018: Jan Feb Mar Apr May Jun Jul Aug Sep Oct Nov Dec
2017: Jan Feb Mar Apr May Jun Jul Aug Sep Oct Nov Dec
2016: Jan Feb Mar Apr May Jun Jul Aug Sep Oct Nov Dec
2015: Jan Feb Mar Apr May Jun Jul Aug Sep Oct Nov Dec
2014: Jan Feb Mar Apr May Jun Jul Aug Sep Oct Nov Dec
2013: Jan Feb Mar Apr May Jun Jul Aug Sep Oct Nov Dec
2012: Jan Feb Mar Apr May Jun Jul Aug Sep Oct Nov Dec
2011: Jan Feb Mar Apr May Jun Jul Aug Sep Oct Nov Dec
2010: Jan Feb Mar Apr May Jun Jul Aug Sep Oct Nov Dec
2009: Jan Feb Mar Apr May Jun Jul Aug Sep Oct Nov Dec
2008: Jan Feb Mar Apr May Jun Jul Aug Sep Oct Nov Dec
2007: Jan Feb Mar Apr May Jun Jul Aug Sep Oct Nov Dec
2006: Jan Feb Mar Apr May Jun Jul Aug Sep Oct Nov Dec
2005: Jan Feb Mar Apr May Jun Jul Aug Sep Oct Nov Dec
2004: Jan Feb Mar Apr May Jun Jul Aug Sep Oct Nov Dec
2003: Jan Feb Mar Apr May Jun Jul Aug Sep Oct Nov Dec
2002: Jan Feb Mar Apr May Jun Jul Aug Sep Oct Nov Dec
2001: Jan Feb Mar Apr May Jun Jul Aug Sep Oct Nov Dec
2000: Jan Feb Mar Apr May Jun Jul Aug Sep Oct Nov Dec
1999: Jan Feb Mar Apr May Jun Jul Aug Sep Oct Nov Dec
1998: Jan Feb Mar Apr May Jun Jul Aug Sep Oct Nov Dec
1997: Jan Feb Mar Apr May Jun Jul Aug Sep Oct Nov Dec
1996: Jan Feb Mar Apr May Jun Jul Aug Sep Oct Nov Dec
1995: Jan Feb Mar Apr May Jun Jul Aug Sep Oct Nov Dec
1994: Jan Feb Mar Apr May Jun Jul Aug Sep Oct Nov Dec
1993: Jan Feb Mar Apr May Jun Jul Aug Sep Oct Nov Dec
1992: Jan Feb Mar Apr May Jun Jul Aug Sep Oct Nov Dec
1991: Jan Feb Mar Apr May Jun Jul Aug Sep Oct Nov Dec
1990: Jan Feb Mar Apr May Jun Jul Aug Sep Oct Nov Dec
1989: Jan Feb Mar Apr May Jun Jul Aug Sep Oct Nov Dec
1988: Jan Feb Mar Apr May Jun Jul Aug Sep Oct Nov Dec
1987: Jan Feb Mar Apr May Jun Jul Aug Sep Oct Nov Dec
1986: Jan Feb Mar Apr May Jun Jul Aug Sep Oct Nov Dec

Report for 2016 November
                  MONTHLY CLIMATOLOGICAL SUMMARY FOR 11/2016
                                        HEAT  COOL        
     MEAN                               DEG   DEG       WIND SPEED       DOM MEAN  MEAN
DAY  TEMP  HIGH   TIME     LOW   TIME   DAYS  DAYS RAIN AVG  HI  TIME    DIR BAROM HUM
---------------------------------------------------------------------------------------
1    54.3  81.0   4:36pm  45.0  11:54pm   11    1  0.00   1  16  11:00am   S 29.97   40
2    48.5  78.3   4:25pm  38.4   5:05am   17    1  0.00   0   4  11:39am ESE 30.27   55
3    51.8  87.1   4:26pm  34.7   7:35am   14    2  0.00   0   5   2:00pm ESE 30.40   42
4    52.9  85.0   3:52pm  36.2   7:33am   14    2  0.00   0   8   2:02pm SSE 30.34   38
5    53.7  84.1   4:25pm  43.4   7:32am   12    1  0.00   0   0  12:18pm  SW 30.17   43
6    52.9  83.3   3:16pm  42.0   1:47am   13    1  0.00   0   7   1:28pm ESE 30.08   47
7    49.6  74.0   3:15pm  40.2   2:35am   16    0  0.00   0   6   3:36pm ESE 30.31   39
8    48.5  75.2   3:17pm  34.5   2:05am   17    1  0.00   0   5  12:28pm ESE 30.42   39
9    53.9  86.2   2:43pm  35.5   4:14am   13    2  0.00   0   6   1:15pm   E 30.29   32
10   52.3  75.1   2:41pm  37.1  11:58pm   13    1  0.00   0  10   1:50pm NNE 30.34   34
11   45.2  71.3   3:24pm  31.0   6:34am   20    0  0.00   0   8   2:12pm SSE 30.35   50
12   50.6  82.1   2:12pm  32.2   5:22am   16    2  0.00   0   7  12:29pm  SE 30.18   42
13   49.9  71.1   1:59pm  40.3   8:36pm   15    0  0.00   0   3  11:03am NNE 30.16   37
14   54.4  78.5   2:58pm  41.3   5:05am   12    1  0.00   0  12   1:01pm   N 30.15   33
15   61.2  89.6   2:00pm  48.4   6:03am    7    3  0.00   0   9   5:57pm SSE 30.10   26
16   59.9  81.2   3:09pm  40.5  11:57pm    7    2  0.00   1  13  12:54pm   W 29.81   24
17   30.0  40.5  12:02am  20.7  11:56pm   35    0  0.00   0   8   7:48pm NNE 29.82   70
18   25.0  49.9   2:28pm  12.8   5:50am   40    0  0.17   1   9   3:30pm ESE 30.28   68
19   31.9  60.1   2:08pm  15.8   4:31am   32    0  0.06   0   3   9:00am ESE 30.19   64
20   52.2  74.5   1:19pm  38.7  12:02am   13    0  0.00   1  10  12:26pm WSW 30.10   37
21   52.0  77.0   2:50pm  40.6  11:15pm   13    1  0.00   1  11   4:39pm WSW 29.86   43
22   34.2  41.4  12:08am  27.6  11:48pm   31    0  0.18   0  10   6:21am NNE 30.00   78
23   33.8  64.6   3:05pm  21.8   7:03am   31    0  0.04   0   3   9:18am   E 30.06   68
24   35.4  60.1   3:06pm  25.0  11:55pm   29    0  0.00   1  12   7:34am ENE 30.19   47
25   43.3  77.2   2:39pm  24.0  12:51pm   22    1  0.00   0  13   5:17pm WSW 30.25   28
26   45.0  73.1   2:46pm  32.9   6:38am   20    0  0.00   0  10   6:01pm   W 30.07   23
27   41.5  60.5   3:09pm  30.4   7:12am   23    0  0.00   0  12   3:44pm  NW 29.55   36
28   32.0  41.8   1:47pm  24.0  11:47pm   14    0 25.53   11832   7:34pm   N 29.32   40
29   27.6  48.6   2:21pm  18.6  11:12pm   37    0  0.00   0   7  12:08pm   E 29.89   44
30   26.9  56.2   2:43pm  16.6  11:57pm   37    0  0.00   0   4   4:25pm  NE 30.11   36
---------------------------------------------------------------------------------------
TOT  28.1  56.2 11/30/16  16.6 11/30/16  595   23 25.53   01832  3/13/17 ESE 29.88   40

HEAT BASE: 65.0
COOL BASE: 65.0