NOAA-Style Climate Reports

Select a Year or Month report
2018: Jan Feb Mar Apr May Jun Jul Aug Sep Oct Nov Dec
2017: Jan Feb Mar Apr May Jun Jul Aug Sep Oct Nov Dec
2016: Jan Feb Mar Apr May Jun Jul Aug Sep Oct Nov Dec
2015: Jan Feb Mar Apr May Jun Jul Aug Sep Oct Nov Dec
2014: Jan Feb Mar Apr May Jun Jul Aug Sep Oct Nov Dec
2013: Jan Feb Mar Apr May Jun Jul Aug Sep Oct Nov Dec
2012: Jan Feb Mar Apr May Jun Jul Aug Sep Oct Nov Dec
2011: Jan Feb Mar Apr May Jun Jul Aug Sep Oct Nov Dec
2010: Jan Feb Mar Apr May Jun Jul Aug Sep Oct Nov Dec
2009: Jan Feb Mar Apr May Jun Jul Aug Sep Oct Nov Dec
2008: Jan Feb Mar Apr May Jun Jul Aug Sep Oct Nov Dec
2007: Jan Feb Mar Apr May Jun Jul Aug Sep Oct Nov Dec
2006: Jan Feb Mar Apr May Jun Jul Aug Sep Oct Nov Dec
2005: Jan Feb Mar Apr May Jun Jul Aug Sep Oct Nov Dec
2004: Jan Feb Mar Apr May Jun Jul Aug Sep Oct Nov Dec
2003: Jan Feb Mar Apr May Jun Jul Aug Sep Oct Nov Dec
2002: Jan Feb Mar Apr May Jun Jul Aug Sep Oct Nov Dec
2001: Jan Feb Mar Apr May Jun Jul Aug Sep Oct Nov Dec
2000: Jan Feb Mar Apr May Jun Jul Aug Sep Oct Nov Dec
1999: Jan Feb Mar Apr May Jun Jul Aug Sep Oct Nov Dec
1998: Jan Feb Mar Apr May Jun Jul Aug Sep Oct Nov Dec
1997: Jan Feb Mar Apr May Jun Jul Aug Sep Oct Nov Dec
1996: Jan Feb Mar Apr May Jun Jul Aug Sep Oct Nov Dec
1995: Jan Feb Mar Apr May Jun Jul Aug Sep Oct Nov Dec
1994: Jan Feb Mar Apr May Jun Jul Aug Sep Oct Nov Dec
1993: Jan Feb Mar Apr May Jun Jul Aug Sep Oct Nov Dec
1992: Jan Feb Mar Apr May Jun Jul Aug Sep Oct Nov Dec
1991: Jan Feb Mar Apr May Jun Jul Aug Sep Oct Nov Dec
1990: Jan Feb Mar Apr May Jun Jul Aug Sep Oct Nov Dec
1989: Jan Feb Mar Apr May Jun Jul Aug Sep Oct Nov Dec
1988: Jan Feb Mar Apr May Jun Jul Aug Sep Oct Nov Dec
1987: Jan Feb Mar Apr May Jun Jul Aug Sep Oct Nov Dec
1986: Jan Feb Mar Apr May Jun Jul Aug Sep Oct Nov Dec

Report for 2016 December
                  MONTHLY CLIMATOLOGICAL SUMMARY FOR 12/2016
                                        HEAT  COOL        
     MEAN                               DEG   DEG       WIND SPEED       DOM MEAN  MEAN
DAY  TEMP  HIGH   TIME     LOW   TIME   DAYS  DAYS RAIN AVG  HI  TIME    DIR BAROM HUM
---------------------------------------------------------------------------------------
1    28.7  59.2   2:49pm  16.6  12:02am   36    0  0.00   0   5   1:30pm   E 30.14   39
2    23.8  34.0  12:31pm  16.6   5:55am   41    0  0.00   0   7   1:07pm ESE 30.31   59
3    26.0  54.0   2:23pm  12.6   3:41am   38    0  0.00   0   2   2:49pm SSW 30.21   56
4    34.8  67.0   2:46pm  18.9   5:29am   30    0  0.00   0   6   2:18pm   E 30.11   37
5    37.0  61.2   2:01pm  13.2  11:55pm   28    0  0.00   1  15   2:57pm   E 29.94   38
6    18.0  34.8  12:48pm   9.9   4:58am   47    0  0.00   1  11   4:35pm SSE 30.08   47
7     9.5  18.4  11:54am  -1.8  11:23pm   55    0  0.00   0   9   7:52am NNE 30.31   69
8     7.9  36.0   2:03pm  -5.0   4:40am   57    0  0.00   0   1  11:48am   E 30.44   67
9    27.8  55.6  12:47pm   3.4  12:04am   37    0  0.08   0   3   1:58pm   E 30.27   63
10   40.3  65.0   2:20pm  20.9   2:04am   24    0  0.00   1  15   2:24pm WNW 30.06   54
11   32.1  32.5   6:20pm  32.0  12:57am    0    0  0.00   01828   5:13pm   E  6.30  100
12
13   33.9  56.4   2:26pm  26.3   9:08pm   13    0 25.63   01850   1:30pm SSE 25.31   46
14   22.3  41.8   3:09pm  12.1  10:42pm   42    0  0.00   0   7   5:22am NNE 30.29   54
15   32.3  34.5  12:10pm  32.0  12:57am    0    0  0.00   01848  12:57am NNE  6.30  100
16   24.8  45.4   2:44pm   4.3  11:57pm   19    0 25.63   01850   1:30pm   E 22.57   72
17   11.2  37.4   8:15am  -6.8   9:49pm   34    0 25.63   01850   1:30pm   E 22.85   71
18   14.5  49.2   2:16pm  -6.3   1:32am   46    0  0.06   0   2   2:53pm   E 30.32   56
19   35.6  41.4  11:16pm  32.0  12:57am    4    0 25.72   11848  12:57am   W 19.00   64
20   45.6  63.0  12:58pm  34.6   6:45am   19    0  0.00   0   9   2:32am   W 30.33   35
21   36.4  49.7   2:02pm  28.6  11:29pm   28    0  0.00   1  11  12:19pm   E 30.36   48
22   30.9  48.1   2:43pm  24.3   6:14am   32    0  0.00   0   3   1:09pm ENE 30.30   60
23   38.9  69.9   2:19pm  23.8   3:18am   26    0  0.00   1  12   9:02pm   S 30.07   52
24   43.8  67.0   2:15pm  32.2   4:48am   21    0  0.00   2  13  10:17pm   S 29.99   41
25   34.7  49.5   3:08pm  24.3  11:58pm   30    0  0.00   1  15   1:44am   S 29.70   53
26   29.2  54.0   2:17pm  18.4  11:09pm   36    0  0.00   0   7   1:23pm NNE 30.20   37
27   40.5  65.9   3:12pm  32.0  12:57am    9    0 25.72   01850  10:15pm   W 20.68   56
28   40.0 108.7  10:20am  22.3  11:58pm   24    0  0.00   1  12   1:25pm WNW 30.26   42
29   33.2  68.2   2:19pm  15.1   6:45am   32    0  0.00   0   9  10:07pm   W 30.48   48
30   43.9  79.2   3:15pm  30.6  10:36pm   20    1 25.72   11848  12:57am   W 25.82   37
31   29.1  60.1   3:16pm  18.4   7:40am   36    0  0.00   0   7   3:16am NNE 30.00   55
---------------------------------------------------------------------------------------
TOT  37.8 108.7 12/28/16  15.1 12/29/16  864    1 25.72   11850  9/13/17   W 29.85   42

HEAT BASE: 65.0
COOL BASE: 65.0