NOAA-Style Climate Reports

Select a Year or Month report
2018: Jan Feb Mar Apr May Jun Jul Aug Sep Oct Nov Dec
2017: Jan Feb Mar Apr May Jun Jul Aug Sep Oct Nov Dec
2016: Jan Feb Mar Apr May Jun Jul Aug Sep Oct Nov Dec
2015: Jan Feb Mar Apr May Jun Jul Aug Sep Oct Nov Dec
2014: Jan Feb Mar Apr May Jun Jul Aug Sep Oct Nov Dec
2013: Jan Feb Mar Apr May Jun Jul Aug Sep Oct Nov Dec
2012: Jan Feb Mar Apr May Jun Jul Aug Sep Oct Nov Dec
2011: Jan Feb Mar Apr May Jun Jul Aug Sep Oct Nov Dec
2010: Jan Feb Mar Apr May Jun Jul Aug Sep Oct Nov Dec
2009: Jan Feb Mar Apr May Jun Jul Aug Sep Oct Nov Dec
2008: Jan Feb Mar Apr May Jun Jul Aug Sep Oct Nov Dec
2007: Jan Feb Mar Apr May Jun Jul Aug Sep Oct Nov Dec
2006: Jan Feb Mar Apr May Jun Jul Aug Sep Oct Nov Dec
2005: Jan Feb Mar Apr May Jun Jul Aug Sep Oct Nov Dec
2004: Jan Feb Mar Apr May Jun Jul Aug Sep Oct Nov Dec
2003: Jan Feb Mar Apr May Jun Jul Aug Sep Oct Nov Dec
2002: Jan Feb Mar Apr May Jun Jul Aug Sep Oct Nov Dec
2001: Jan Feb Mar Apr May Jun Jul Aug Sep Oct Nov Dec
2000: Jan Feb Mar Apr May Jun Jul Aug Sep Oct Nov Dec
1999: Jan Feb Mar Apr May Jun Jul Aug Sep Oct Nov Dec
1998: Jan Feb Mar Apr May Jun Jul Aug Sep Oct Nov Dec
1997: Jan Feb Mar Apr May Jun Jul Aug Sep Oct Nov Dec
1996: Jan Feb Mar Apr May Jun Jul Aug Sep Oct Nov Dec
1995: Jan Feb Mar Apr May Jun Jul Aug Sep Oct Nov Dec
1994: Jan Feb Mar Apr May Jun Jul Aug Sep Oct Nov Dec
1993: Jan Feb Mar Apr May Jun Jul Aug Sep Oct Nov Dec
1992: Jan Feb Mar Apr May Jun Jul Aug Sep Oct Nov Dec
1991: Jan Feb Mar Apr May Jun Jul Aug Sep Oct Nov Dec
1990: Jan Feb Mar Apr May Jun Jul Aug Sep Oct Nov Dec
1989: Jan Feb Mar Apr May Jun Jul Aug Sep Oct Nov Dec
1988: Jan Feb Mar Apr May Jun Jul Aug Sep Oct Nov Dec
1987: Jan Feb Mar Apr May Jun Jul Aug Sep Oct Nov Dec
1986: Jan Feb Mar Apr May Jun Jul Aug Sep Oct Nov Dec

Report for 2017 January
                  MONTHLY CLIMATOLOGICAL SUMMARY FOR 1/2017
                                        HEAT  COOL        
     MEAN                               DEG   DEG       WIND SPEED       DOM MEAN  MEAN
DAY  TEMP  HIGH   TIME     LOW   TIME   DAYS  DAYS RAIN AVG  HI  TIME    DIR BAROM HUM
---------------------------------------------------------------------------------------
1    34.0  53.5   2:46pm  20.2   1:17am   31    0  0.00   0   4   3:51pm   E 29.86   44
2    30.3  53.3   1:04pm  15.7  11:34pm   35    0  0.00   0   9   1:04pm   W 30.00   53
3    19.3  36.7   3:20pm  10.8  11:00pm   45    0  0.00   0   6  12:55pm SSE 30.22   68
4     9.8  15.7   1:26pm   2.4  11:51pm   55    0  0.00   0  10   5:45pm NNE 30.07   76
5     4.9  13.3   1:45pm   0.2   6:36am   60    0  0.00   0   0  12:02am   N 30.12   70
6    12.9  45.9   2:26pm  -4.5   6:29am   52    0  0.02   0   3   1:50pm WSW 30.21   57
7    21.9  53.1   2:14pm   8.5  12:09am   43    0  0.04   0   0  12:02am   N 30.37   49
8    38.0  60.5   3:25pm  14.8  12:02am   27    0  0.00   2  12   1:13pm SSE 30.26   55
9    49.6  61.2   2:26pm  38.7  11:58pm   15    0  0.00   4  17  12:41pm   W 29.97   46
10   39.6  57.6   2:57pm  24.9   6:57am   25    0  0.00   3  14  12:30am   W 29.97   41
11   38.9  61.6   2:57pm  24.9   6:24pm   24    0 25.78   11850  12:57am   W 24.76   59
12   29.9  50.2  12:30pm  17.1  11:44pm   35    0  0.00   0  15  12:30pm   N 30.20   61
13   27.4  56.2   3:07pm -23.2   2:11pm   37    0  0.00   0   5   3:52pm NNE 30.40   69
14   30.8  54.9   2:36pm  20.4   2:48am   34    0  0.00   0   5   4:30pm   E 30.44   68
15   28.3  34.9   1:17pm  22.0   2:47am   36    0  0.00   0   1   6:00pm NNE 30.23   78
16   28.1  37.1   1:21pm  23.4  11:03pm   36    0  0.00   0   0  12:10am   N 30.25   79
17   32.4  65.7   3:01pm  18.7   4:01am   33    0 25.86   01850  12:57am   E 25.22   73
18   38.3  72.4   2:59pm  22.3   4:00am   27    0  0.00   0   5   1:47pm WSW 30.08   41
19   40.9  69.1   2:59pm  10.6   4:36am   24    0  0.00   0   9   2:32pm   E 29.85   40
20   35.4  58.9   3:17pm  25.2   9:28pm   29    0  0.00   0   6  12:56pm ESE 29.72   60
21   30.8  45.9   3:38pm  21.6   7:08am   34    0  0.00   0   8   3:31pm   N 29.73   56
22   33.4  88.9  10:48pm  20.4   6:48am   31    0  0.00   0  29   4:25pm ESE 30.07   46
23   37.6  58.7   3:37pm  22.7   5:31am   27    0  0.00   1  10   2:03pm   W 29.85   50
24   23.2  31.9   9:51am  16.0  11:49pm   41    0  0.00   0   8   6:00pm   E 29.88   77
25   20.2  45.4   2:57pm   9.9   5:44am   45    0  0.00   1   8  12:08am   E 30.14   62
26   17.5  39.1   1:49pm   7.6   7:26am   47    0  0.00   0   8   1:42pm   E 30.32   56
27   23.7  52.9   3:35pm  10.6   6:25am   41    0  0.00   0   9  12:48pm WSW 30.41   39
28   33.8  53.3   3:16pm  18.4  12:02am   31    0  0.00   1  10   3:05pm   N 30.44   37
29   41.4  70.6   2:42pm  25.9  12:24am   24    0  0.00   0   8  12:49pm WNW 30.46   36
30   47.1  71.8   3:47pm  35.1   5:49am   18    0  0.00   1   7   1:49pm WSW 30.29   31
31   47.7  67.3   1:10pm  34.0  11:43pm   17    0  0.00   1   9   8:45am   E 30.12   30
---------------------------------------------------------------------------------------
TOT  32.8  88.9  1/22/17 -23.2  1/13/17 1060    1 25.86   01850  3/17/18   E 30.07   54

HEAT BASE: 65.0
COOL BASE: 65.0