NOAA-Style Climate Reports

Select a Year or Month report
2018: Jan Feb Mar Apr May Jun Jul Aug Sep Oct Nov Dec
2017: Jan Feb Mar Apr May Jun Jul Aug Sep Oct Nov Dec
2016: Jan Feb Mar Apr May Jun Jul Aug Sep Oct Nov Dec
2015: Jan Feb Mar Apr May Jun Jul Aug Sep Oct Nov Dec
2014: Jan Feb Mar Apr May Jun Jul Aug Sep Oct Nov Dec
2013: Jan Feb Mar Apr May Jun Jul Aug Sep Oct Nov Dec
2012: Jan Feb Mar Apr May Jun Jul Aug Sep Oct Nov Dec
2011: Jan Feb Mar Apr May Jun Jul Aug Sep Oct Nov Dec
2010: Jan Feb Mar Apr May Jun Jul Aug Sep Oct Nov Dec
2009: Jan Feb Mar Apr May Jun Jul Aug Sep Oct Nov Dec
2008: Jan Feb Mar Apr May Jun Jul Aug Sep Oct Nov Dec
2007: Jan Feb Mar Apr May Jun Jul Aug Sep Oct Nov Dec
2006: Jan Feb Mar Apr May Jun Jul Aug Sep Oct Nov Dec
2005: Jan Feb Mar Apr May Jun Jul Aug Sep Oct Nov Dec
2004: Jan Feb Mar Apr May Jun Jul Aug Sep Oct Nov Dec
2003: Jan Feb Mar Apr May Jun Jul Aug Sep Oct Nov Dec
2002: Jan Feb Mar Apr May Jun Jul Aug Sep Oct Nov Dec
2001: Jan Feb Mar Apr May Jun Jul Aug Sep Oct Nov Dec
2000: Jan Feb Mar Apr May Jun Jul Aug Sep Oct Nov Dec
1999: Jan Feb Mar Apr May Jun Jul Aug Sep Oct Nov Dec
1998: Jan Feb Mar Apr May Jun Jul Aug Sep Oct Nov Dec
1997: Jan Feb Mar Apr May Jun Jul Aug Sep Oct Nov Dec
1996: Jan Feb Mar Apr May Jun Jul Aug Sep Oct Nov Dec
1995: Jan Feb Mar Apr May Jun Jul Aug Sep Oct Nov Dec
1994: Jan Feb Mar Apr May Jun Jul Aug Sep Oct Nov Dec
1993: Jan Feb Mar Apr May Jun Jul Aug Sep Oct Nov Dec
1992: Jan Feb Mar Apr May Jun Jul Aug Sep Oct Nov Dec
1991: Jan Feb Mar Apr May Jun Jul Aug Sep Oct Nov Dec
1990: Jan Feb Mar Apr May Jun Jul Aug Sep Oct Nov Dec
1989: Jan Feb Mar Apr May Jun Jul Aug Sep Oct Nov Dec
1988: Jan Feb Mar Apr May Jun Jul Aug Sep Oct Nov Dec
1987: Jan Feb Mar Apr May Jun Jul Aug Sep Oct Nov Dec
1986: Jan Feb Mar Apr May Jun Jul Aug Sep Oct Nov Dec

Report for 2017 February
                  MONTHLY CLIMATOLOGICAL SUMMARY FOR 2/2017
                                        HEAT  COOL        
     MEAN                               DEG   DEG       WIND SPEED       DOM MEAN  MEAN
DAY  TEMP  HIGH   TIME     LOW   TIME   DAYS  DAYS RAIN AVG  HI  TIME    DIR BAROM HUM
---------------------------------------------------------------------------------------
1    26.3  38.4  12:51pm  20.2  10:53pm   39    0  0.00   0   8  12:10pm   E 30.26   70
2    20.6  26.1   3:03pm  14.6  11:40pm   44    0  0.00   0   4   3:57am NNE 30.30   78
3    22.3  42.9   3:47pm  14.4   5:16am   43    0  0.00   0   3   1:18am  NE 30.28   75
4    42.6  76.2   3:54pm  31.0  12:02am   21    1 25.86   11850  12:57am WNW 25.13   52
5    45.0  78.5   3:56pm  29.9   4:43am   21    1  0.00   0   8  11:36pm ESE 30.14   36
6    47.2  70.0   3:56pm  36.7  11:49pm   18    0  0.00   0  13   3:33pm   S 29.94   30
7    48.4  65.0   1:12pm  36.6  12:04am   17    0  0.00   1  14  12:44pm   W 29.93   38
8    47.1  66.6   4:07pm  34.6   5:51am   18    0  0.00   1  16   3:07pm   W 30.17   41
9    54.3  79.2   3:35pm  36.4   4:51am   12    2  0.00   1  64   2:49am   S 30.20   37
10   63.4  92.4   3:13pm  50.2  11:59pm    5    4  0.00   1  17   4:56pm   W 30.07   26
11   48.6  57.6   2:37pm  34.6  11:55pm   16    0  0.00   1  13   8:49pm   E 30.22   45
12   36.7  65.7   4:01pm  26.8   6:49am   28    0  0.00   0   8  10:18am   E 30.52   56
13   36.3  46.6  11:04am  26.8   4:00am   29    0  0.00   0   7  11:49am   E 30.37   50
14   33.4  60.0   3:51pm  18.9   6:49am   31    0  0.00   0  11   2:32pm NNE 30.40   43
15   45.3  83.2   3:00pm  27.4  12:00am   21    1  0.00   0   7   8:16am WSW 30.29   32
16   54.2  94.0   3:39pm  40.5   5:32am   14    3  0.00   0   7   4:22pm WSW 30.06   19
17   47.7  76.7   3:33pm  34.8  11:34pm   17    0  0.00   1  19   3:53pm  SE 29.98   24
18   49.4  77.4   3:01pm  34.8  12:28am   16    1  0.00   1  19   5:42pm   S 29.98   34
19   50.7  66.1   1:57pm  40.0   5:02am   14    0  0.00   2  20   1:53pm   S 29.91   39
20   47.7  83.4   3:46pm  32.8   3:56am   17    1  0.00   1  15  12:22am   E 30.18   31
21   56.6  78.3   3:25pm  43.4   3:26am   10    1  0.00   1  10  12:08pm   W 30.23   24
22   48.6  70.9   2:50pm  28.6  11:54pm   16    0  0.00   1  12   2:57pm   E 30.05   34
23   26.2  42.6   8:42am  13.2  11:53pm   41    0 25.86   01850  12:57am   E 25.01   80
24   18.4  31.5  11:37am  12.1   2:30am   45    0  0.00   0   6   1:15pm   E 30.13   70
25   24.2  52.2   3:24pm  11.7   4:55am   40    0  0.12   0  11   4:35pm SSW 30.08   48
26   28.8  64.8   3:22pm  12.1   6:38am   35    0  0.00   0  10   3:24pm ESE 30.00   36
27   36.6  59.4   3:08pm  18.7   4:12am   28    0  0.00   1  15   3:18pm   W 29.89   35
28   27.0  38.4   2:43pm  20.7  11:59pm   37    0  0.00   1  22   9:25pm   E 30.00   59
---------------------------------------------------------------------------------------
TOT  40.5  94.0  2/16/17  11.7  2/25/17  694   14 25.98   11850  3/17/18   W 30.07   44

HEAT BASE: 65.0
COOL BASE: 65.0