NOAA-Style Climate Reports

Select a Year or Month report
2018: Jan Feb Mar Apr May Jun Jul Aug Sep Oct Nov Dec
2017: Jan Feb Mar Apr May Jun Jul Aug Sep Oct Nov Dec
2016: Jan Feb Mar Apr May Jun Jul Aug Sep Oct Nov Dec
2015: Jan Feb Mar Apr May Jun Jul Aug Sep Oct Nov Dec
2014: Jan Feb Mar Apr May Jun Jul Aug Sep Oct Nov Dec
2013: Jan Feb Mar Apr May Jun Jul Aug Sep Oct Nov Dec
2012: Jan Feb Mar Apr May Jun Jul Aug Sep Oct Nov Dec
2011: Jan Feb Mar Apr May Jun Jul Aug Sep Oct Nov Dec
2010: Jan Feb Mar Apr May Jun Jul Aug Sep Oct Nov Dec
2009: Jan Feb Mar Apr May Jun Jul Aug Sep Oct Nov Dec
2008: Jan Feb Mar Apr May Jun Jul Aug Sep Oct Nov Dec
2007: Jan Feb Mar Apr May Jun Jul Aug Sep Oct Nov Dec
2006: Jan Feb Mar Apr May Jun Jul Aug Sep Oct Nov Dec
2005: Jan Feb Mar Apr May Jun Jul Aug Sep Oct Nov Dec
2004: Jan Feb Mar Apr May Jun Jul Aug Sep Oct Nov Dec
2003: Jan Feb Mar Apr May Jun Jul Aug Sep Oct Nov Dec
2002: Jan Feb Mar Apr May Jun Jul Aug Sep Oct Nov Dec
2001: Jan Feb Mar Apr May Jun Jul Aug Sep Oct Nov Dec
2000: Jan Feb Mar Apr May Jun Jul Aug Sep Oct Nov Dec
1999: Jan Feb Mar Apr May Jun Jul Aug Sep Oct Nov Dec
1998: Jan Feb Mar Apr May Jun Jul Aug Sep Oct Nov Dec
1997: Jan Feb Mar Apr May Jun Jul Aug Sep Oct Nov Dec
1996: Jan Feb Mar Apr May Jun Jul Aug Sep Oct Nov Dec
1995: Jan Feb Mar Apr May Jun Jul Aug Sep Oct Nov Dec
1994: Jan Feb Mar Apr May Jun Jul Aug Sep Oct Nov Dec
1993: Jan Feb Mar Apr May Jun Jul Aug Sep Oct Nov Dec
1992: Jan Feb Mar Apr May Jun Jul Aug Sep Oct Nov Dec
1991: Jan Feb Mar Apr May Jun Jul Aug Sep Oct Nov Dec
1990: Jan Feb Mar Apr May Jun Jul Aug Sep Oct Nov Dec
1989: Jan Feb Mar Apr May Jun Jul Aug Sep Oct Nov Dec
1988: Jan Feb Mar Apr May Jun Jul Aug Sep Oct Nov Dec
1987: Jan Feb Mar Apr May Jun Jul Aug Sep Oct Nov Dec
1986: Jan Feb Mar Apr May Jun Jul Aug Sep Oct Nov Dec

Report for 2017 March
                  MONTHLY CLIMATOLOGICAL SUMMARY FOR 3/2017
                                        HEAT  COOL        
     MEAN                               DEG   DEG       WIND SPEED       DOM MEAN  MEAN
DAY  TEMP  HIGH   TIME     LOW   TIME   DAYS  DAYS RAIN AVG  HI  TIME    DIR BAROM HUM
---------------------------------------------------------------------------------------
1    32.7  69.0   3:13pm  14.6   3:16am   32    0  0.00   0  10   5:22am ESE 30.31   34
2    37.8  73.3   3:19pm  19.6   3:50am   27    0  0.00   0   8   3:58pm   N 30.47   31
3    46.2  86.8   3:19pm  29.7   2:08am   20    2  0.00   1  10   2:19pm   E 30.35   24
4    51.0  81.4   3:18pm  31.5   2:28am   15    1  0.00   2  11   8:38am   W 30.15   22
5    52.8  75.6   3:12pm  43.2   4:52am   12    0  0.00   2  18  11:13pm   W 29.95   26
6    34.2  47.5  12:10am  19.6  11:29pm   30    0  0.00   2  16   4:38pm WNW 29.92   35
7    38.6  76.9   3:02pm  18.2   2:46am   27    1  0.00   1  10   3:49pm NNE 30.25   25
8    51.4  88.9   3:31pm  28.1   2:18am   16    2  0.00   1  13  11:55am   E 30.29   28
9    54.3  86.4   3:14pm  34.6  11:54pm   13    2  0.00   1  16  12:45pm   E 30.33   27
10   47.0  85.7   3:25pm -23.2   7:28am   20    2  0.00   0   8   3:49pm   E 30.32   43
11   41.6  64.1   4:56pm  34.8   9:15pm   23    0  0.00   0  12   9:57pm   E 30.39   58
12   43.0  64.3   1:39pm  33.0   6:57am   21    0  0.00   2  23   2:03pm   E 30.24   50
13   41.2  65.4   4:34pm  24.5   7:11am   22    0 25.98   01850  12:57am   E 24.85   61
14   54.8  79.2   3:39pm  38.5  12:00am   11    1  0.00   1  21   3:56pm   N 30.30   32
15   61.4  96.1   4:15pm  43.0  12:19am    9    5  0.00   0   6  12:03pm  SW 30.33   25
16   54.4  94.5   5:45pm   9.9   5:30pm    8    5 25.98   01850  12:57am WNW 23.37   44
17   59.5  91.1   4:18pm  41.4   7:17am    9    4  0.00   1  10   8:47am   E 30.39   30
18   59.3  99.0   3:53pm  36.0   6:15am   11    5  0.00   1  14   4:46pm   E 30.37   34
19   64.8  97.8   3:55pm  50.8   7:22am    6    6  0.00   1  13   2:03pm WSW 30.31   23
20   62.1  76.7   1:26pm  49.5  11:57pm    6    3  0.00   1  11   2:35pm WSW 30.32   25
21   51.4  68.8   1:39pm  35.1   7:05am   14    0  0.00   1  12   2:50pm NNE 30.33   49
22   54.6  88.0   3:39pm  34.0   7:08am   12    2  0.00   1  10   9:41pm NNE 30.17   48
23   59.1  81.7   3:55pm  37.6  11:59pm    8    2  0.08   2  23   3:55pm   W 29.94   33
24   37.2  55.8   3:28pm  30.1   3:18am   28    0  0.41   2  13   3:03pm   E 30.25   74
25   46.7  66.1   3:18pm  27.0   5:30am   18    0  0.00   1  11   1:49pm SSE 30.18   52
26   43.3  54.6   1:56pm  36.4   5:16am   22    0  0.00   1  12  10:09am NNE 30.12   64
27   47.1  69.3   3:14pm  32.4   3:02am   18    0  0.00   1  12   2:14pm SSE 30.10   60
28   39.7  43.8   1:35am  33.1  11:56pm   25    0  0.22   2  15  10:02pm   N 30.12   80
29   41.3  68.4   5:25pm  31.5   4:25am   24    0  0.02   1  10   2:12pm NNE 30.24   69
30   50.7  72.7   3:15pm  36.4  12:00am   15    1  0.05   1  10   4:19pm   E 30.01   48
31   37.6  43.8  12:00am  30.1  11:11pm   27    0  0.10   0  10   6:24pm   E 30.07   78
---------------------------------------------------------------------------------------
TOT  50.9  99.0  3/18/17   9.9  3/16/17  548   44 26.86   11850  3/17/18   E 30.10   50

HEAT BASE: 65.0
COOL BASE: 65.0