NOAA-Style Climate Reports

Select a Year or Month report
2018: Jan Feb Mar Apr May Jun Jul Aug Sep Oct Nov Dec
2017: Jan Feb Mar Apr May Jun Jul Aug Sep Oct Nov Dec
2016: Jan Feb Mar Apr May Jun Jul Aug Sep Oct Nov Dec
2015: Jan Feb Mar Apr May Jun Jul Aug Sep Oct Nov Dec
2014: Jan Feb Mar Apr May Jun Jul Aug Sep Oct Nov Dec
2013: Jan Feb Mar Apr May Jun Jul Aug Sep Oct Nov Dec
2012: Jan Feb Mar Apr May Jun Jul Aug Sep Oct Nov Dec
2011: Jan Feb Mar Apr May Jun Jul Aug Sep Oct Nov Dec
2010: Jan Feb Mar Apr May Jun Jul Aug Sep Oct Nov Dec
2009: Jan Feb Mar Apr May Jun Jul Aug Sep Oct Nov Dec
2008: Jan Feb Mar Apr May Jun Jul Aug Sep Oct Nov Dec
2007: Jan Feb Mar Apr May Jun Jul Aug Sep Oct Nov Dec
2006: Jan Feb Mar Apr May Jun Jul Aug Sep Oct Nov Dec
2005: Jan Feb Mar Apr May Jun Jul Aug Sep Oct Nov Dec
2004: Jan Feb Mar Apr May Jun Jul Aug Sep Oct Nov Dec
2003: Jan Feb Mar Apr May Jun Jul Aug Sep Oct Nov Dec
2002: Jan Feb Mar Apr May Jun Jul Aug Sep Oct Nov Dec
2001: Jan Feb Mar Apr May Jun Jul Aug Sep Oct Nov Dec
2000: Jan Feb Mar Apr May Jun Jul Aug Sep Oct Nov Dec
1999: Jan Feb Mar Apr May Jun Jul Aug Sep Oct Nov Dec
1998: Jan Feb Mar Apr May Jun Jul Aug Sep Oct Nov Dec
1997: Jan Feb Mar Apr May Jun Jul Aug Sep Oct Nov Dec
1996: Jan Feb Mar Apr May Jun Jul Aug Sep Oct Nov Dec
1995: Jan Feb Mar Apr May Jun Jul Aug Sep Oct Nov Dec
1994: Jan Feb Mar Apr May Jun Jul Aug Sep Oct Nov Dec
1993: Jan Feb Mar Apr May Jun Jul Aug Sep Oct Nov Dec
1992: Jan Feb Mar Apr May Jun Jul Aug Sep Oct Nov Dec
1991: Jan Feb Mar Apr May Jun Jul Aug Sep Oct Nov Dec
1990: Jan Feb Mar Apr May Jun Jul Aug Sep Oct Nov Dec
1989: Jan Feb Mar Apr May Jun Jul Aug Sep Oct Nov Dec
1988: Jan Feb Mar Apr May Jun Jul Aug Sep Oct Nov Dec
1987: Jan Feb Mar Apr May Jun Jul Aug Sep Oct Nov Dec
1986: Jan Feb Mar Apr May Jun Jul Aug Sep Oct Nov Dec

Report for 2017 April
                  MONTHLY CLIMATOLOGICAL SUMMARY FOR 4/2017
                                        HEAT  COOL        
     MEAN                               DEG   DEG       WIND SPEED       DOM MEAN  MEAN
DAY  TEMP  HIGH   TIME     LOW   TIME   DAYS  DAYS RAIN AVG  HI  TIME    DIR BAROM HUM
---------------------------------------------------------------------------------------
1    32.5  44.7   2:04am  29.5   1:41am   34    0 26.88   01850  12:57am   E 23.92   87
2    47.1  79.8   5:19pm  26.8   5:19am   19    1  0.00   0   7   9:02pm   E 30.08   57
3    44.2  63.2   3:41pm  30.1   6:27am   21    0  0.06   1  17   3:43pm   E 30.03   52
4    32.3  41.8   2:55pm  28.6  11:59pm   33    0  0.24   0   6   2:39am   E 30.18   78
5    38.7  67.5   5:35pm  22.5   6:48am   26    0  0.17   0   2   2:09pm NNE 30.33   57
6    51.6  79.0   4:10pm  32.1   6:38am   15    1  0.00   1  12   6:59pm SSE 30.33   41
7    61.4  83.5   3:06pm  43.8   6:00am    8    4  0.00   0   8   3:43am   W 30.15   32
8    62.2  84.4   3:53pm  46.3  11:58pm    7    4  0.00   1  15   5:48pm   W 29.99   29
9    49.3  70.2   3:57pm  31.2  11:04pm   16    0  0.00   1  19   4:33pm   N 30.00   39
10   45.5  74.5   3:56pm  25.9   5:06am   20    1  0.00   1  13   4:20pm   E 30.29   31
11   51.7  79.4   3:18pm  29.2   6:25am   14    1  0.00   1  13   2:22pm   S 30.30   30
12   52.2  85.9   3:51pm  32.0  12:57am    9    4 27.35   11850  12:57am   E 22.59   51
13   60.5  85.5   4:04pm  39.4   5:35am    9    4  0.00   3  20   6:00pm   S 30.22   38
14   63.1  91.3   3:47pm  39.6   6:23am    8    6  0.00   1  13   3:02pm   E 30.03   37
15   56.3  81.6   5:08pm  38.2   6:22am   11    2  0.00   1  12  12:02pm   E 30.21   39
16   56.4  83.5   4:19pm  36.0   6:05am   11    2  0.00   0  17   8:13am SSE 30.29   38
17   59.9  81.0   2:19pm  35.3   6:27am    9    4  0.00   0   9   1:34pm   W 30.22   31
18   62.2  89.5   3:57pm  40.9   6:38am    7    4  0.00   1  18   3:14pm   S 30.18   35
19   52.3  83.7   3:42pm  32.0  12:57am   10    3 27.35   11850  12:57am   E 23.22   56
20   46.7  67.2   2:05pm  34.9   5:03am   18    0  0.06   1  19   2:24pm SSE 30.32   59
21   41.4  51.1  12:46pm  35.5  11:57pm   23    0  0.00   2  15   4:12am  NE 30.24   69
22   44.1  70.2   4:48pm  31.5   6:20am   21    0  0.08   1   8  10:41pm NNE 30.41   62
23   55.5  81.7   3:11pm  37.3   6:53am   12    3  0.00   1  19   3:11pm ESE 30.11   44
24   55.6  69.1   1:12pm  42.0  11:58pm   10    0  0.00   1  14   1:36pm   E 29.90   43
25   43.4  60.0   1:51pm  30.4  11:59pm   21    0  0.14   1  10  10:15am   E 29.90   64
26   43.7  66.1   5:32pm  24.1   6:22am   21    0  0.00   0   9   2:41pm   E 30.01   54
27   43.3  59.2  11:27am  34.6   3:17am   22    0  0.00   1  11  10:35pm   E 29.85   61
28   38.4  56.5   9:11am  26.3  11:42pm   26    0  0.06   0  12   1:29pm   E 29.99   52
29   27.4  31.7   1:40pm  24.1  11:44pm   37    0  0.00   0   0  12:00am   N 30.32   80
30   38.1  61.2   5:52pm  19.6   4:20am   27    0  0.27   0   5   6:07pm NNE 30.17   59
---------------------------------------------------------------------------------------
TOT  50.3  91.3  4/14/17  19.6  4/30/17  523   45 27.96   11850  3/17/18   E 30.13   49

HEAT BASE: 65.0
COOL BASE: 65.0