NOAA-Style Climate Reports

Select a Year or Month report
2018: Jan Feb Mar Apr May Jun Jul Aug Sep Oct Nov Dec
2017: Jan Feb Mar Apr May Jun Jul Aug Sep Oct Nov Dec
2016: Jan Feb Mar Apr May Jun Jul Aug Sep Oct Nov Dec
2015: Jan Feb Mar Apr May Jun Jul Aug Sep Oct Nov Dec
2014: Jan Feb Mar Apr May Jun Jul Aug Sep Oct Nov Dec
2013: Jan Feb Mar Apr May Jun Jul Aug Sep Oct Nov Dec
2012: Jan Feb Mar Apr May Jun Jul Aug Sep Oct Nov Dec
2011: Jan Feb Mar Apr May Jun Jul Aug Sep Oct Nov Dec
2010: Jan Feb Mar Apr May Jun Jul Aug Sep Oct Nov Dec
2009: Jan Feb Mar Apr May Jun Jul Aug Sep Oct Nov Dec
2008: Jan Feb Mar Apr May Jun Jul Aug Sep Oct Nov Dec
2007: Jan Feb Mar Apr May Jun Jul Aug Sep Oct Nov Dec
2006: Jan Feb Mar Apr May Jun Jul Aug Sep Oct Nov Dec
2005: Jan Feb Mar Apr May Jun Jul Aug Sep Oct Nov Dec
2004: Jan Feb Mar Apr May Jun Jul Aug Sep Oct Nov Dec
2003: Jan Feb Mar Apr May Jun Jul Aug Sep Oct Nov Dec
2002: Jan Feb Mar Apr May Jun Jul Aug Sep Oct Nov Dec
2001: Jan Feb Mar Apr May Jun Jul Aug Sep Oct Nov Dec
2000: Jan Feb Mar Apr May Jun Jul Aug Sep Oct Nov Dec
1999: Jan Feb Mar Apr May Jun Jul Aug Sep Oct Nov Dec
1998: Jan Feb Mar Apr May Jun Jul Aug Sep Oct Nov Dec
1997: Jan Feb Mar Apr May Jun Jul Aug Sep Oct Nov Dec
1996: Jan Feb Mar Apr May Jun Jul Aug Sep Oct Nov Dec
1995: Jan Feb Mar Apr May Jun Jul Aug Sep Oct Nov Dec
1994: Jan Feb Mar Apr May Jun Jul Aug Sep Oct Nov Dec
1993: Jan Feb Mar Apr May Jun Jul Aug Sep Oct Nov Dec
1992: Jan Feb Mar Apr May Jun Jul Aug Sep Oct Nov Dec
1991: Jan Feb Mar Apr May Jun Jul Aug Sep Oct Nov Dec
1990: Jan Feb Mar Apr May Jun Jul Aug Sep Oct Nov Dec
1989: Jan Feb Mar Apr May Jun Jul Aug Sep Oct Nov Dec
1988: Jan Feb Mar Apr May Jun Jul Aug Sep Oct Nov Dec
1987: Jan Feb Mar Apr May Jun Jul Aug Sep Oct Nov Dec
1986: Jan Feb Mar Apr May Jun Jul Aug Sep Oct Nov Dec

Report for 2017 May
                  MONTHLY CLIMATOLOGICAL SUMMARY FOR 5/2017
                                        HEAT  COOL        
     MEAN                               DEG   DEG       WIND SPEED       DOM MEAN  MEAN
DAY  TEMP  HIGH   TIME     LOW   TIME   DAYS  DAYS RAIN AVG  HI  TIME    DIR BAROM HUM
---------------------------------------------------------------------------------------
1    50.6  71.7   3:56pm  33.7   5:16am   15    0  0.00   1  12   6:30pm   N 30.17   47
2    49.1  63.4   1:57pm  36.2   7:04am   16    0  0.02   0   8   6:08am   E 30.22   58
3    41.5  59.1   5:26pm  33.1   9:43am   23    0  0.08   0   7   2:32pm NNE 30.40   69
4    55.1  83.5   4:18pm  32.6   6:25am   12    2  0.00   0   8   3:58pm   E 30.41   47
5    64.0  92.7   4:03pm  42.9   3:10am    7    6  0.00   0  10   4:48pm   E 30.30   38
6    67.7  92.5   2:30pm  52.2   1:19am    3    6  0.00   1  17   9:42pm WSW 30.16   35
7    61.4  81.7   2:48pm  48.6  11:35pm    6    2  0.00   0  12   3:22pm   W 30.12   47
8    48.8  73.1   1:17pm  32.0  12:57am   12    1 28.67   01850  12:57am   N 23.39   75
9    55.2  69.5   4:01pm  45.0   5:51am   10    0  0.12   1  11   5:57pm NNE 30.20   72
10   47.7  52.4  12:52am  45.0   6:05am    8    0  0.23   1   7   7:20am   E 30.19   81
11
12
13   63.3  90.7   4:11pm  45.0   6:05am    9    7  0.43   1  18   3:02pm   E 30.08   50
14   52.4  83.5   3:17pm  32.0  12:57am    6    3 29.22   11850  12:57am   E 21.15   60
15   63.3  84.4   6:19pm  48.6   5:38am    6    5  0.00   1  14   2:26pm SSW 30.03   38
16   56.9  74.5   9:16am  41.4  11:45pm    9    1  0.00   1  19  12:05pm   E 29.95   47
17   53.7  76.3   5:05pm  38.4  11:59pm   12    1  0.31   1   9   5:46pm WSW 29.91   52
18   32.5  38.4  12:00am  29.9   8:23pm   32    0  0.12   1   9   5:15pm NNE 30.11   85
19   32.8  39.8  12:04pm  29.9  12:00am   32    0  0.16   1   8  11:58am NNE 30.28   85
20   46.5  73.1   4:09pm   3.4   6:28am   18    0  0.00   0  12   3:07pm NNE 30.29   59
21   52.1  73.8   2:59pm  34.8   3:23am   13    1  0.05   0   7   5:33pm NNE 30.37   52
22   50.2  72.0   3:04pm  36.6  11:57pm   15    0  0.12   0  10   7:06pm NNE 30.37   62
23   49.6  69.3   6:18pm  33.3   5:01am   15    0  0.00   1   8  11:40am NNE 30.36   56
24   65.3  92.5   3:52pm  37.6   4:37am    8    8  0.04   0  12   6:18pm  NW 30.03   37
25   63.5  81.9  11:38am  46.8  11:17pm    5    4  0.08   1  11   1:03pm NNE 29.94   42
26   48.6  73.1   3:40pm  32.0  12:57am   12    1 30.22   11850  12:57am NNE 21.89   76
27   49.6  65.2   8:42am  41.2   5:44am   15    0  0.29   1  11  12:41pm   E 30.33   70
28   57.7  76.0   4:05pm  40.0   5:34am   10    2  0.00   1  14   9:45pm  NW 30.43   48
29   56.7  76.0   1:34pm  41.8   5:45am   10    1  0.00   1  10   3:57pm   E 30.42   54
30   62.7  79.6   2:51pm  44.8   3:37am    7    4  0.00   1  11   4:40pm   E 30.37   46
31   66.3  83.2  11:39am  48.1   5:54am    5    6  0.00   1  11   3:14pm SSE 30.29   42
---------------------------------------------------------------------------------------
TOT  54.3  92.5  5/24/17   3.4  5/20/17  354   64 30.51   11850  3/17/18   E 30.15   54

HEAT BASE: 65.0
COOL BASE: 65.0