NOAA-Style Climate Reports

Select a Year or Month report
2018: Jan Feb Mar Apr May Jun Jul Aug Sep Oct Nov Dec
2017: Jan Feb Mar Apr May Jun Jul Aug Sep Oct Nov Dec
2016: Jan Feb Mar Apr May Jun Jul Aug Sep Oct Nov Dec
2015: Jan Feb Mar Apr May Jun Jul Aug Sep Oct Nov Dec
2014: Jan Feb Mar Apr May Jun Jul Aug Sep Oct Nov Dec
2013: Jan Feb Mar Apr May Jun Jul Aug Sep Oct Nov Dec
2012: Jan Feb Mar Apr May Jun Jul Aug Sep Oct Nov Dec
2011: Jan Feb Mar Apr May Jun Jul Aug Sep Oct Nov Dec
2010: Jan Feb Mar Apr May Jun Jul Aug Sep Oct Nov Dec
2009: Jan Feb Mar Apr May Jun Jul Aug Sep Oct Nov Dec
2008: Jan Feb Mar Apr May Jun Jul Aug Sep Oct Nov Dec
2007: Jan Feb Mar Apr May Jun Jul Aug Sep Oct Nov Dec
2006: Jan Feb Mar Apr May Jun Jul Aug Sep Oct Nov Dec
2005: Jan Feb Mar Apr May Jun Jul Aug Sep Oct Nov Dec
2004: Jan Feb Mar Apr May Jun Jul Aug Sep Oct Nov Dec
2003: Jan Feb Mar Apr May Jun Jul Aug Sep Oct Nov Dec
2002: Jan Feb Mar Apr May Jun Jul Aug Sep Oct Nov Dec
2001: Jan Feb Mar Apr May Jun Jul Aug Sep Oct Nov Dec
2000: Jan Feb Mar Apr May Jun Jul Aug Sep Oct Nov Dec
1999: Jan Feb Mar Apr May Jun Jul Aug Sep Oct Nov Dec
1998: Jan Feb Mar Apr May Jun Jul Aug Sep Oct Nov Dec
1997: Jan Feb Mar Apr May Jun Jul Aug Sep Oct Nov Dec
1996: Jan Feb Mar Apr May Jun Jul Aug Sep Oct Nov Dec
1995: Jan Feb Mar Apr May Jun Jul Aug Sep Oct Nov Dec
1994: Jan Feb Mar Apr May Jun Jul Aug Sep Oct Nov Dec
1993: Jan Feb Mar Apr May Jun Jul Aug Sep Oct Nov Dec
1992: Jan Feb Mar Apr May Jun Jul Aug Sep Oct Nov Dec
1991: Jan Feb Mar Apr May Jun Jul Aug Sep Oct Nov Dec
1990: Jan Feb Mar Apr May Jun Jul Aug Sep Oct Nov Dec
1989: Jan Feb Mar Apr May Jun Jul Aug Sep Oct Nov Dec
1988: Jan Feb Mar Apr May Jun Jul Aug Sep Oct Nov Dec
1987: Jan Feb Mar Apr May Jun Jul Aug Sep Oct Nov Dec
1986: Jan Feb Mar Apr May Jun Jul Aug Sep Oct Nov Dec

Report for 2017 July
                  MONTHLY CLIMATOLOGICAL SUMMARY FOR 7/2017
                                        HEAT  COOL        
     MEAN                               DEG   DEG       WIND SPEED       DOM MEAN  MEAN
DAY  TEMP  HIGH   TIME     LOW   TIME   DAYS  DAYS RAIN AVG  HI  TIME    DIR BAROM HUM
---------------------------------------------------------------------------------------
1    71.5  92.4   3:49pm  51.7   6:00am    3    9  0.00   1  12   4:30pm   E 30.34   39
2    58.4  90.9  10:28am  32.0  12:57am    4   10 30.90   01850  12:57am   W 20.83   58
3    73.2  87.5   1:41pm  57.6   6:04am    1    9  0.00   1  16  11:41am NNE 30.35   34
4    76.9  93.6   9:50am  61.9   5:48am    0   12  0.00   1  22   4:56pm NNE 30.37   30
5    80.1  98.5   3:47pm  61.2   5:58am    0   15  0.00   5  22   6:09pm   E 30.42   28
6    56.7  91.3   4:18pm  60.0   1:11pm   17    6 30.90   1  54   1:11pm NNE 30.22   36
7    73.0  85.9   9:41am  60.5   6:09am    1    8  0.00   1  17   1:28pm NNE 30.51   43
8    72.4  88.2   3:22pm  57.6   7:12am    1    9  0.00   1  21   3:52pm NNE 30.47   44
9    78.0  94.2   3:48pm  63.4   4:57am    0   13  0.00   3  22   1:56pm  NE 30.38   34
10   77.4  88.2   2:48pm  32.0   2:14pm    0    5 30.90   21835   2:04am   W 30.28   36
11   75.4  90.0   9:03am  64.3   5:08am    0   10  0.00   2  22   4:07pm WSW 30.27   43
12   68.4  79.2   9:10am  58.2  10:50pm    1    4  0.04   0  12  12:40pm NNE 30.38   58
13   68.2  80.8   3:19pm  54.0   6:01am    2    6  0.00   01847  12:15am   E 30.46   61
14   70.0  88.0   9:46am -23.2   4:15pm    2    7  0.00   1  13   3:05pm SSW 30.49   54
15   64.7  77.8   3:38pm  58.7  11:59pm    3    2  0.04   1  13   5:05pm  SE 30.51   65
16   71.4  85.0   5:13pm  56.7   5:46am    2    8  0.00   1  14   5:34pm  SW 30.37   50
17   75.9  91.1   4:07pm  61.4   5:44am    1   11  0.00   2  22   3:56pm NNE 30.30   41
18   76.6  90.9   9:48am  64.3   5:06am    0   12  0.00   1  21   3:30pm WSW 30.37   41
19   78.0  95.2   3:15pm  64.8   7:45pm    0   13  0.02   4  24   4:35pm NNE 30.37   43
20   73.8  89.3   2:40pm  32.0   4:12am    0    9 31.00   11835   2:04am NNE 30.23   52
21   72.8  89.5   9:48am  58.7  11:43pm    1    8  0.14   1  18   2:17pm NNE 30.35   51
22   71.1  84.6   2:48pm  58.3  12:32am    2    8  0.00   0  13   2:46pm NNE 30.38   56
23   75.3  89.5   9:47am  60.1   5:30am    1   11  0.00   1  22   2:17pm ESE 30.38   44
24   79.0  93.4   3:17pm  66.1   4:54am    0   14  0.00   3  23   6:17pm  SW 30.30   39
25   71.0  84.1   1:33pm  62.1  10:02pm    1    6  0.12   0  11   1:22pm WSW 30.33   53
26   67.7  79.8   2:25pm  44.7  10:15pm    2    5 31.88   01841  12:35am NNE 30.35   70
27   69.4  84.1   4:28pm  56.9   5:41am    2    7  0.00   1  18   4:58pm SSW 30.40   71
28   71.9  85.5   9:44am  62.1   6:38am    0    7  0.00   1  12  11:17pm WSW 30.36   54
29   66.9  74.4  11:58am  62.5   4:09am    1    3  0.00   0   4  12:00am  NE 30.42   65
30   67.4  80.1   9:54am  58.9   5:39am    2    4  0.00   1  12   2:37pm  NE 30.47   64
31   70.6  83.0   9:38am  56.7   5:47am    2    7  0.00   1  10  12:25pm   E 30.48   53
---------------------------------------------------------------------------------------
TOT  69.0  85.5  7/28/17  44.7  9/13/17   50  260 31.88   11841  7/26/17   E 30.41   63

HEAT BASE: 65.0
COOL BASE: 65.0