NOAA-Style Climate Reports

Select a Year or Month report
2018: Jan Feb Mar Apr May Jun Jul Aug Sep Oct Nov Dec
2017: Jan Feb Mar Apr May Jun Jul Aug Sep Oct Nov Dec
2016: Jan Feb Mar Apr May Jun Jul Aug Sep Oct Nov Dec
2015: Jan Feb Mar Apr May Jun Jul Aug Sep Oct Nov Dec
2014: Jan Feb Mar Apr May Jun Jul Aug Sep Oct Nov Dec
2013: Jan Feb Mar Apr May Jun Jul Aug Sep Oct Nov Dec
2012: Jan Feb Mar Apr May Jun Jul Aug Sep Oct Nov Dec
2011: Jan Feb Mar Apr May Jun Jul Aug Sep Oct Nov Dec
2010: Jan Feb Mar Apr May Jun Jul Aug Sep Oct Nov Dec
2009: Jan Feb Mar Apr May Jun Jul Aug Sep Oct Nov Dec
2008: Jan Feb Mar Apr May Jun Jul Aug Sep Oct Nov Dec
2007: Jan Feb Mar Apr May Jun Jul Aug Sep Oct Nov Dec
2006: Jan Feb Mar Apr May Jun Jul Aug Sep Oct Nov Dec
2005: Jan Feb Mar Apr May Jun Jul Aug Sep Oct Nov Dec
2004: Jan Feb Mar Apr May Jun Jul Aug Sep Oct Nov Dec
2003: Jan Feb Mar Apr May Jun Jul Aug Sep Oct Nov Dec
2002: Jan Feb Mar Apr May Jun Jul Aug Sep Oct Nov Dec
2001: Jan Feb Mar Apr May Jun Jul Aug Sep Oct Nov Dec
2000: Jan Feb Mar Apr May Jun Jul Aug Sep Oct Nov Dec
1999: Jan Feb Mar Apr May Jun Jul Aug Sep Oct Nov Dec
1998: Jan Feb Mar Apr May Jun Jul Aug Sep Oct Nov Dec
1997: Jan Feb Mar Apr May Jun Jul Aug Sep Oct Nov Dec
1996: Jan Feb Mar Apr May Jun Jul Aug Sep Oct Nov Dec
1995: Jan Feb Mar Apr May Jun Jul Aug Sep Oct Nov Dec
1994: Jan Feb Mar Apr May Jun Jul Aug Sep Oct Nov Dec
1993: Jan Feb Mar Apr May Jun Jul Aug Sep Oct Nov Dec
1992: Jan Feb Mar Apr May Jun Jul Aug Sep Oct Nov Dec
1991: Jan Feb Mar Apr May Jun Jul Aug Sep Oct Nov Dec
1990: Jan Feb Mar Apr May Jun Jul Aug Sep Oct Nov Dec
1989: Jan Feb Mar Apr May Jun Jul Aug Sep Oct Nov Dec
1988: Jan Feb Mar Apr May Jun Jul Aug Sep Oct Nov Dec
1987: Jan Feb Mar Apr May Jun Jul Aug Sep Oct Nov Dec
1986: Jan Feb Mar Apr May Jun Jul Aug Sep Oct Nov Dec

Report for 2017 August
                  MONTHLY CLIMATOLOGICAL SUMMARY FOR 8/2017
                                        HEAT  COOL        
     MEAN                               DEG   DEG       WIND SPEED       DOM MEAN  MEAN
DAY  TEMP  HIGH   TIME     LOW   TIME   DAYS  DAYS RAIN AVG  HI  TIME    DIR BAROM HUM
---------------------------------------------------------------------------------------
1    72.1  93.1   4:18pm  58.5   2:49am    2    9  0.00   1  14   3:51pm NNE 30.50   44
2    72.4  85.3   3:04pm  60.1   7:24am    0    8  0.00   1  19   3:08pm NNE 30.43   42
3    59.2  70.2  11:50am  51.1   7:05am    6    1  0.18   1   9   3:18pm WSW 30.49   72
4    68.1  87.1   3:12pm  51.3   3:57am    4    7  0.00   1  10  11:05pm  SW 30.32   57
5    66.9  88.6   4:16pm  55.6   5:38pm    3    5  0.53   1  16   3:04pm   E 30.26   56
6    60.1  71.5   2:42pm  51.0   5:07am    6    1  0.00   0   9   9:43pm   E 30.35   75
7    57.1  65.2   2:53pm  52.9  11:36pm    8    0  0.57   0   8  12:28pm   N 30.45   80
8    59.4  69.1  12:57pm  32.0  12:57am    6    0 33.46   01844  12:57am NNE 30.24   79
9    64.1  77.4   9:48am  32.0  12:57am    4    3 33.46   01846   6:33am NNE 30.08   62
10   61.9  75.6   2:57pm  54.0   5:59am    5    2  0.00   0   0  12:00am   N 30.45   69
11   62.7  75.8   2:58pm  51.9   5:28am    5    2  0.00   0   0  12:00am   N 30.42   69
12   66.3  83.2   9:48am  52.6   6:14am    4    5  0.00   0   7   1:01pm SSE 30.33   59
13   68.4  85.9   9:51am  57.6   2:15am    2    6  0.00   0   0  12:00am   N 30.28   49
14   70.7  86.8   9:45am  57.6   3:11am    2    7  0.00   0  16   3:47pm  SE 30.21   45
15   66.8  85.0   9:55am  54.6   6:18am    3    5  0.00   0   7   5:56pm SSE 30.19   54
16   62.9  73.6   5:05pm  54.4  12:47am    4    2  0.00   0   9   1:57pm   E 30.33   57
17   68.9  81.0   2:25pm  57.1  12:00am    2    6  0.00   0  10  10:11am   W 30.36   45
18   72.0  86.2   4:52pm  54.0   6:21am    2    9  0.00   1  20   2:31pm SSE 30.38   39
19   75.3  89.1   3:54pm  63.4   2:56am    0   10  0.00   1  19   5:56pm WSW 30.31   33
20   74.4  88.2   9:59am  61.9   1:43am    0   10  0.00   1  19   4:48pm   E 30.32   33
21   72.9  87.3   9:51am  62.1  11:58pm    0    8  0.00   0  13   2:44pm   E 30.37   40
22   68.2  81.0   1:32pm  54.0   6:32am    2    6  0.00   0  13   1:12pm WSW 30.46   52
23   71.3  85.3   3:40pm  61.8  10:31pm    1    7  0.00   1  14   3:58pm   W 30.37   42
24   68.9  83.4   2:32pm  58.3   4:07am    2    5  0.00   1  19   2:28pm   W 30.30   44
25   72.0  85.5   3:00pm  57.6   5:40am    2    8  0.00   1  13   5:11pm   W 30.31   39
26   33.1 114.8  12:23pm  32.0  12:57am    1    0  0.29   01854  12:57am   N  6.29   86
---------------------------------------------------------------------------------------
TOT  32.0 114.8  8/26/17  32.0   3/4/20   76  132  0.29   01838   3/4/20   N  6.29    0

HEAT BASE: 65.0
COOL BASE: 65.0