NOAA-Style Climate Reports

Select a Year or Month report
2018: Jan Feb Mar Apr May Jun Jul Aug Sep Oct Nov Dec
2017: Jan Feb Mar Apr May Jun Jul Aug Sep Oct Nov Dec
2016: Jan Feb Mar Apr May Jun Jul Aug Sep Oct Nov Dec
2015: Jan Feb Mar Apr May Jun Jul Aug Sep Oct Nov Dec
2014: Jan Feb Mar Apr May Jun Jul Aug Sep Oct Nov Dec
2013: Jan Feb Mar Apr May Jun Jul Aug Sep Oct Nov Dec
2012: Jan Feb Mar Apr May Jun Jul Aug Sep Oct Nov Dec
2011: Jan Feb Mar Apr May Jun Jul Aug Sep Oct Nov Dec
2010: Jan Feb Mar Apr May Jun Jul Aug Sep Oct Nov Dec
2009: Jan Feb Mar Apr May Jun Jul Aug Sep Oct Nov Dec
2008: Jan Feb Mar Apr May Jun Jul Aug Sep Oct Nov Dec
2007: Jan Feb Mar Apr May Jun Jul Aug Sep Oct Nov Dec
2006: Jan Feb Mar Apr May Jun Jul Aug Sep Oct Nov Dec
2005: Jan Feb Mar Apr May Jun Jul Aug Sep Oct Nov Dec
2004: Jan Feb Mar Apr May Jun Jul Aug Sep Oct Nov Dec
2003: Jan Feb Mar Apr May Jun Jul Aug Sep Oct Nov Dec
2002: Jan Feb Mar Apr May Jun Jul Aug Sep Oct Nov Dec
2001: Jan Feb Mar Apr May Jun Jul Aug Sep Oct Nov Dec
2000: Jan Feb Mar Apr May Jun Jul Aug Sep Oct Nov Dec
1999: Jan Feb Mar Apr May Jun Jul Aug Sep Oct Nov Dec
1998: Jan Feb Mar Apr May Jun Jul Aug Sep Oct Nov Dec
1997: Jan Feb Mar Apr May Jun Jul Aug Sep Oct Nov Dec
1996: Jan Feb Mar Apr May Jun Jul Aug Sep Oct Nov Dec
1995: Jan Feb Mar Apr May Jun Jul Aug Sep Oct Nov Dec
1994: Jan Feb Mar Apr May Jun Jul Aug Sep Oct Nov Dec
1993: Jan Feb Mar Apr May Jun Jul Aug Sep Oct Nov Dec
1992: Jan Feb Mar Apr May Jun Jul Aug Sep Oct Nov Dec
1991: Jan Feb Mar Apr May Jun Jul Aug Sep Oct Nov Dec
1990: Jan Feb Mar Apr May Jun Jul Aug Sep Oct Nov Dec
1989: Jan Feb Mar Apr May Jun Jul Aug Sep Oct Nov Dec
1988: Jan Feb Mar Apr May Jun Jul Aug Sep Oct Nov Dec
1987: Jan Feb Mar Apr May Jun Jul Aug Sep Oct Nov Dec
1986: Jan Feb Mar Apr May Jun Jul Aug Sep Oct Nov Dec

Report for 2017 December
                  MONTHLY CLIMATOLOGICAL SUMMARY FOR 12/2017
                                        HEAT  COOL        
     MEAN                               DEG   DEG       WIND SPEED       DOM MEAN  MEAN
DAY  TEMP  HIGH   TIME     LOW   TIME   DAYS  DAYS RAIN AVG  HI  TIME    DIR BAROM HUM
---------------------------------------------------------------------------------------
1    46.4  69.5   1:50pm  35.3   7:21am   19    0  0.00   0   8  12:48pm   E 30.23   35
2    47.5  74.2   3:03pm  33.3   7:34am   18    1  0.00   0   6   2:46pm   E 30.25   40
3    52.3  71.1   2:37pm  42.0   1:21am   13    0  0.00   1  11   1:55pm   W 30.00   32
4    31.0  49.9   2:42pm  15.1  11:56pm   34    0  0.00   1  12  11:17am   E 30.14   46
5    30.6  63.7   2:45pm  13.9   1:56am   34    0  0.00   0   8   8:40pm   E 30.35   37
6    23.6  36.2  12:54pm  13.7  11:42pm   41    0  0.00   0   8   4:47pm   E 30.51   48
7    23.4  33.7  10:50am  11.5   4:01am   42    0  0.00   0   7   6:50pm  NW 30.46   53
8    40.1  63.6   2:57pm  30.6  12:02am   25    0  0.00   0  10   1:53pm   N 30.40   37
9    42.3  72.7   2:45pm  30.6   3:06am   23    0  0.00   0   6   3:13pm   N 30.49   22
10   44.2  75.6   2:39pm  34.2   2:20am   21    0  0.00   0   5   8:09am   W 30.52   19
11   43.0  66.4   1:43pm  27.7  11:34pm   22    0  0.00   0  13   1:49pm   E 30.51   23
12
13
14   32.9  48.9  12:57am  32.0  12:57am    1    0  0.00   01854  12:57am  SE  6.30  100
15
16
17
18
19
20
21
22
23   32.5  58.0   2:13pm   6.5  11:28pm    7    0  0.00   1 110  12:03pm   N 30.12   53
24   58.0  89.8   3:40pm  11.5  11:50pm   14    5  0.02   0   7  11:19am   E 30.28   42
25   16.9  38.5   2:56pm   6.0  11:58pm   18    0  0.00   0   7  11:56am NNE 30.17   64
26    9.3  16.9   2:06pm   4.9   1:10am   21    0  0.00   0   5   3:01pm   E 30.30   75
27   29.9  70.3   6:58pm   4.9   1:37am   11    0  0.00   0   8   3:00pm   W 30.10   51
28   33.6 141.8   3:45pm  29.4   9:42pm    2    0  0.00   01854  12:57am SSE 10.23   87
29   31.9  52.0   4:33pm  17.3  10:36pm   11    0  0.00   01854  12:57am ENE 20.15   70
30   26.8  58.3   3:18pm  13.5   6:53am   35    0  0.00   0   7   4:42pm WNW 30.18   61
31   21.7  48.9  12:57am   6.3   9:21pm   20    0  0.00   01854  12:57am NNE 19.84   79
---------------------------------------------------------------------------------------
TOT  27.5  48.9  3/17/18   6.3 12/31/17  431    7  0.00   01854  3/17/18   E 14.24   88

HEAT BASE: 65.0
COOL BASE: 65.0