NOAA-Style Climate Reports

Select a Year or Month report
2018: Jan Feb Mar Apr May Jun Jul Aug Sep Oct Nov Dec
2017: Jan Feb Mar Apr May Jun Jul Aug Sep Oct Nov Dec
2016: Jan Feb Mar Apr May Jun Jul Aug Sep Oct Nov Dec
2015: Jan Feb Mar Apr May Jun Jul Aug Sep Oct Nov Dec
2014: Jan Feb Mar Apr May Jun Jul Aug Sep Oct Nov Dec
2013: Jan Feb Mar Apr May Jun Jul Aug Sep Oct Nov Dec
2012: Jan Feb Mar Apr May Jun Jul Aug Sep Oct Nov Dec
2011: Jan Feb Mar Apr May Jun Jul Aug Sep Oct Nov Dec
2010: Jan Feb Mar Apr May Jun Jul Aug Sep Oct Nov Dec
2009: Jan Feb Mar Apr May Jun Jul Aug Sep Oct Nov Dec
2008: Jan Feb Mar Apr May Jun Jul Aug Sep Oct Nov Dec
2007: Jan Feb Mar Apr May Jun Jul Aug Sep Oct Nov Dec
2006: Jan Feb Mar Apr May Jun Jul Aug Sep Oct Nov Dec
2005: Jan Feb Mar Apr May Jun Jul Aug Sep Oct Nov Dec
2004: Jan Feb Mar Apr May Jun Jul Aug Sep Oct Nov Dec
2003: Jan Feb Mar Apr May Jun Jul Aug Sep Oct Nov Dec
2002: Jan Feb Mar Apr May Jun Jul Aug Sep Oct Nov Dec
2001: Jan Feb Mar Apr May Jun Jul Aug Sep Oct Nov Dec
2000: Jan Feb Mar Apr May Jun Jul Aug Sep Oct Nov Dec
1999: Jan Feb Mar Apr May Jun Jul Aug Sep Oct Nov Dec
1998: Jan Feb Mar Apr May Jun Jul Aug Sep Oct Nov Dec
1997: Jan Feb Mar Apr May Jun Jul Aug Sep Oct Nov Dec
1996: Jan Feb Mar Apr May Jun Jul Aug Sep Oct Nov Dec
1995: Jan Feb Mar Apr May Jun Jul Aug Sep Oct Nov Dec
1994: Jan Feb Mar Apr May Jun Jul Aug Sep Oct Nov Dec
1993: Jan Feb Mar Apr May Jun Jul Aug Sep Oct Nov Dec
1992: Jan Feb Mar Apr May Jun Jul Aug Sep Oct Nov Dec
1991: Jan Feb Mar Apr May Jun Jul Aug Sep Oct Nov Dec
1990: Jan Feb Mar Apr May Jun Jul Aug Sep Oct Nov Dec
1989: Jan Feb Mar Apr May Jun Jul Aug Sep Oct Nov Dec
1988: Jan Feb Mar Apr May Jun Jul Aug Sep Oct Nov Dec
1987: Jan Feb Mar Apr May Jun Jul Aug Sep Oct Nov Dec
1986: Jan Feb Mar Apr May Jun Jul Aug Sep Oct Nov Dec

Report for 2018 January
                  MONTHLY CLIMATOLOGICAL SUMMARY FOR 1/2018
                                        HEAT  COOL        
     MEAN                               DEG   DEG       WIND SPEED       DOM MEAN  MEAN
DAY  TEMP  HIGH   TIME     LOW   TIME   DAYS  DAYS RAIN AVG  HI  TIME    DIR BAROM HUM
---------------------------------------------------------------------------------------
1    18.5  45.0   2:59pm   5.4   3:29am   40    0  0.00   0   6   5:01pm   E 30.36   65
2    26.9  53.8   3:06pm   9.6   2:52am   36    0  0.00   01854  12:57am   E 24.98   60
3    36.8  66.6   2:27pm  21.6   2:20am   25    0  0.00   0  10  11:00am SSE 30.38   28
4    35.4  62.8   2:53pm  23.4  11:45pm   26    0  0.00   0   7  12:26pm   E 30.35   37
5    33.3  48.9  12:57am  32.0  12:57am    1    0  0.00   01854  12:57am   N  6.29   97
6
7
8    41.5 114.8  12:23pm  32.0  12:57am   11    0  0.00   01854  12:57am   N 21.38   55
9    50.0  78.1   3:10pm  36.0   6:05am   15    1  0.00   0   8   5:29pm   W 30.04   39
10   43.1  64.3   1:41pm  19.6  11:58pm   20    0  0.02   0  16   4:23pm   E 29.86   50
11   27.7  55.6   3:12pm  15.3   7:23am   35    0  0.00   0  14  11:20pm   E 30.22   57
12   33.8  51.7   2:13pm  24.0   9:55pm   27    0  0.00   1  15  12:34pm   E 30.29   54
13   33.8  55.1   1:39pm  19.8   5:31am   28    0  0.00   0   6  11:23am   E 30.41   54
14   37.1  70.8   2:56pm  21.1   3:18am   25    0  0.00   0  12   4:04pm   N 30.40   50
15   17.5  28.8  12:02am   2.9  11:30pm   43    0  0.00   1  10   9:33am   E 30.53   69
16   18.9  51.1   3:16pm  -0.2   3:25am   43    0  0.00   0   6  12:44pm   E 30.49   52
17   34.3  63.6   3:04pm  16.6   1:09am   29    0  0.00   0   6   3:37pm WSW 30.40   32
18   46.5  79.9   3:10pm  32.6  12:02am   18    1  0.00   0   6  11:03am WSW 30.25   27
19   53.7  76.9   3:35pm  41.2  12:45am   12    1  0.00   1   9   7:47am WSW 30.03   25
20   40.1  58.7  11:07am  27.0  11:35pm   23    0  0.02   01854  12:57am   W 24.71   56
21   22.7  27.4  12:02am  18.0   9:57pm   39    0  0.00   1  16   1:28pm   N 30.07   80
22   28.4  55.6   3:06pm  14.4   6:41am   34    0  0.08   0   7   1:31pm  NW 30.21   49
23   29.3  55.8   2:56pm  17.1  10:40pm   33    0  0.00   0   7  12:50pm   E 30.36   43
24   38.2  64.3   3:36pm  20.7  12:02am   25    0  0.00   0   7   9:25am WSW 30.32   37
25   44.6  62.5   3:31pm  35.7  11:58pm   19    0  0.00   1  11   9:23am   W 30.09   26
26   30.0  43.6   2:22pm  18.7   9:44pm   32    0  0.00   1  15   1:33pm   N 30.18   37
27   30.1  53.3   2:14pm  16.2   5:27am   31    0  0.00   0   9   1:56pm   E 30.37   34
28   33.7  54.2   3:35pm  23.8   4:20am   28    0  0.00   1  15   3:59pm   E 30.48   50
29   41.0  71.5   2:51pm  21.4   4:05am   22    0  0.00   0   6   3:04pm NNE 30.49   45
30   50.2  66.4   2:56pm  39.4   4:54am   14    0  0.00   0  11  11:38pm   W 30.18   24
31   36.2  54.4   2:41pm  23.4  11:51pm   26    0  0.00   1  12   9:11pm   E 30.12   52
---------------------------------------------------------------------------------------
TOT  36.1 114.8  8/26/17  -0.2  1/16/18  761    3  0.10   01838   3/4/20   E 30.24   45

HEAT BASE: 65.0
COOL BASE: 65.0