NOAA-Style Climate Reports

Select a Year or Month report
2018: Jan Feb Mar Apr May Jun Jul Aug Sep Oct Nov Dec
2017: Jan Feb Mar Apr May Jun Jul Aug Sep Oct Nov Dec
2016: Jan Feb Mar Apr May Jun Jul Aug Sep Oct Nov Dec
2015: Jan Feb Mar Apr May Jun Jul Aug Sep Oct Nov Dec
2014: Jan Feb Mar Apr May Jun Jul Aug Sep Oct Nov Dec
2013: Jan Feb Mar Apr May Jun Jul Aug Sep Oct Nov Dec
2012: Jan Feb Mar Apr May Jun Jul Aug Sep Oct Nov Dec
2011: Jan Feb Mar Apr May Jun Jul Aug Sep Oct Nov Dec
2010: Jan Feb Mar Apr May Jun Jul Aug Sep Oct Nov Dec
2009: Jan Feb Mar Apr May Jun Jul Aug Sep Oct Nov Dec
2008: Jan Feb Mar Apr May Jun Jul Aug Sep Oct Nov Dec
2007: Jan Feb Mar Apr May Jun Jul Aug Sep Oct Nov Dec
2006: Jan Feb Mar Apr May Jun Jul Aug Sep Oct Nov Dec
2005: Jan Feb Mar Apr May Jun Jul Aug Sep Oct Nov Dec
2004: Jan Feb Mar Apr May Jun Jul Aug Sep Oct Nov Dec
2003: Jan Feb Mar Apr May Jun Jul Aug Sep Oct Nov Dec
2002: Jan Feb Mar Apr May Jun Jul Aug Sep Oct Nov Dec
2001: Jan Feb Mar Apr May Jun Jul Aug Sep Oct Nov Dec
2000: Jan Feb Mar Apr May Jun Jul Aug Sep Oct Nov Dec
1999: Jan Feb Mar Apr May Jun Jul Aug Sep Oct Nov Dec
1998: Jan Feb Mar Apr May Jun Jul Aug Sep Oct Nov Dec
1997: Jan Feb Mar Apr May Jun Jul Aug Sep Oct Nov Dec
1996: Jan Feb Mar Apr May Jun Jul Aug Sep Oct Nov Dec
1995: Jan Feb Mar Apr May Jun Jul Aug Sep Oct Nov Dec
1994: Jan Feb Mar Apr May Jun Jul Aug Sep Oct Nov Dec
1993: Jan Feb Mar Apr May Jun Jul Aug Sep Oct Nov Dec
1992: Jan Feb Mar Apr May Jun Jul Aug Sep Oct Nov Dec
1991: Jan Feb Mar Apr May Jun Jul Aug Sep Oct Nov Dec
1990: Jan Feb Mar Apr May Jun Jul Aug Sep Oct Nov Dec
1989: Jan Feb Mar Apr May Jun Jul Aug Sep Oct Nov Dec
1988: Jan Feb Mar Apr May Jun Jul Aug Sep Oct Nov Dec
1987: Jan Feb Mar Apr May Jun Jul Aug Sep Oct Nov Dec
1986: Jan Feb Mar Apr May Jun Jul Aug Sep Oct Nov Dec

Report for 2018 March
                  MONTHLY CLIMATOLOGICAL SUMMARY FOR 3/2018
                                        HEAT  COOL        
     MEAN                               DEG   DEG       WIND SPEED       DOM MEAN  MEAN
DAY  TEMP  HIGH   TIME     LOW   TIME   DAYS  DAYS RAIN AVG  HI  TIME    DIR BAROM HUM
---------------------------------------------------------------------------------------
1    38.7  72.0   3:18pm  19.8   6:44am   25    0  0.00   1  14   4:43pm SSE 30.21   45
2    49.9  75.4   3:17pm  32.2   2:51am   15    1  0.00   3  13   2:54pm   W 30.12   27
3    54.5  89.5   3:17pm  37.8   5:28am   12    2  0.00   1  10   3:37pm   S 30.08   21
4    48.3  71.3   3:16pm  25.0  11:58pm   16    0  0.00   2  16   1:59pm   W 29.94   22
5    31.1  53.7   3:03pm  20.5   6:00am   33    0  0.00   2  15   1:42pm WNW 30.21   29
6    33.7  67.7   3:08pm  18.9   4:54am   30    0  0.00   1  12   1:51am   E 30.34   30
7    36.3  70.2   2:59pm  13.7   5:00am   29    0  0.00   1  13   4:10pm   E 30.32   32
8    46.1  84.4   3:15pm  27.9   4:43am   20    1  0.00   0   7   1:50pm   N 30.16   25
9    49.1  81.7   3:07pm  30.4   5:46am   16    1  0.00   0   9   5:15pm   E 30.08   27
10   38.5  57.6  10:09am  21.6  11:49pm   26    0  0.00   1  16  11:32am   E 30.20   42
11   37.1  70.8   4:10pm  16.9   6:57am   27    0  0.00   0   7  12:40pm   E 30.43   42
12   41.8  65.5   3:30pm  22.0   7:24am   23    0  0.00   0  11   9:51pm   E 30.38   34
13   43.3  75.1   4:02pm  21.3   7:07am   22    0  0.00   1  15  10:14pm   S 30.38   40
14   32.7  38.3  12:16am  32.0  12:16am    1    0  0.00   01846  12:16am  SW  6.30   60
15   35.8  39.8   8:56pm  32.0  12:16am    5    0  0.37   21849  12:16am NNE 29.21   78
16   43.4  68.4   4:21pm  28.1   7:42am   22    0  0.00   1  15   1:26pm   N 29.97   48
17   44.2  73.3   3:24pm  29.5   3:57am   20    0  0.37   21854  12:57am SSE 25.43   49
18   39.8  58.9  11:12am  27.7   7:04am   25    0  0.00   0  11   4:52pm   E 29.96   48
19   34.5  57.6   4:36pm  23.1   7:20am   30    0  0.30   0   7  11:04am NNW 30.20   67
20   36.7  62.8   3:52pm  20.5   4:49am   28    0  0.00   1  14   1:38pm   N 30.21   51
21   46.3  72.0   3:38pm  27.9   4:54am   18    0  0.00   1  11  12:34pm SSE 30.21   38
22   56.5  75.6   1:59pm  38.9   4:41am   10    2  0.00   1  14  11:31am   S 30.25   36
23   57.9  78.9   3:45pm  40.0  11:51pm    9    2  0.00   2  18   2:29pm   W 30.07   36
24   50.7  72.0   3:29pm  30.4   5:30am   15    0  0.00   1  20   3:29pm   S 30.13   43
25   50.1  76.0   3:12pm  30.6   6:58am   15    1  0.00   1  13   2:17pm   E 29.99   43
26   41.1  58.0  10:39am  29.4  11:42pm   24    0  0.10   0  14   3:11pm   E 30.11   66
27   38.3  60.0   3:59pm  25.4   7:12am   26    0  0.13   1  13   6:16pm SSE 30.25   69
28   36.2  52.9  10:26am  27.0   2:24am   28    0  0.00   0  14   4:13pm   E 30.15   67
29   34.8  54.7   2:30pm  24.5   6:41am   30    0  0.14   0  11  12:30pm   E 30.26   70
30   45.1  73.1   3:18pm  24.0   6:03am   20    0  0.04   0   8   2:56pm  NW 30.23   52
31   44.9  74.4   3:40pm  25.8  11:48pm   20    0  0.00   1  18   5:57pm   E 30.26   50
---------------------------------------------------------------------------------------
TOT  43.8  78.9  3/23/18  20.5  3/20/18  639   12  1.08   11845   3/4/20   E 29.86   52

HEAT BASE: 65.0
COOL BASE: 65.0