NOAA-Style Climate Reports

Select a Year or Month report
2018: Jan Feb Mar Apr May Jun Jul Aug Sep Oct Nov Dec
2017: Jan Feb Mar Apr May Jun Jul Aug Sep Oct Nov Dec
2016: Jan Feb Mar Apr May Jun Jul Aug Sep Oct Nov Dec
2015: Jan Feb Mar Apr May Jun Jul Aug Sep Oct Nov Dec
2014: Jan Feb Mar Apr May Jun Jul Aug Sep Oct Nov Dec
2013: Jan Feb Mar Apr May Jun Jul Aug Sep Oct Nov Dec
2012: Jan Feb Mar Apr May Jun Jul Aug Sep Oct Nov Dec
2011: Jan Feb Mar Apr May Jun Jul Aug Sep Oct Nov Dec
2010: Jan Feb Mar Apr May Jun Jul Aug Sep Oct Nov Dec
2009: Jan Feb Mar Apr May Jun Jul Aug Sep Oct Nov Dec
2008: Jan Feb Mar Apr May Jun Jul Aug Sep Oct Nov Dec
2007: Jan Feb Mar Apr May Jun Jul Aug Sep Oct Nov Dec
2006: Jan Feb Mar Apr May Jun Jul Aug Sep Oct Nov Dec
2005: Jan Feb Mar Apr May Jun Jul Aug Sep Oct Nov Dec
2004: Jan Feb Mar Apr May Jun Jul Aug Sep Oct Nov Dec
2003: Jan Feb Mar Apr May Jun Jul Aug Sep Oct Nov Dec
2002: Jan Feb Mar Apr May Jun Jul Aug Sep Oct Nov Dec
2001: Jan Feb Mar Apr May Jun Jul Aug Sep Oct Nov Dec
2000: Jan Feb Mar Apr May Jun Jul Aug Sep Oct Nov Dec
1999: Jan Feb Mar Apr May Jun Jul Aug Sep Oct Nov Dec
1998: Jan Feb Mar Apr May Jun Jul Aug Sep Oct Nov Dec
1997: Jan Feb Mar Apr May Jun Jul Aug Sep Oct Nov Dec
1996: Jan Feb Mar Apr May Jun Jul Aug Sep Oct Nov Dec
1995: Jan Feb Mar Apr May Jun Jul Aug Sep Oct Nov Dec
1994: Jan Feb Mar Apr May Jun Jul Aug Sep Oct Nov Dec
1993: Jan Feb Mar Apr May Jun Jul Aug Sep Oct Nov Dec
1992: Jan Feb Mar Apr May Jun Jul Aug Sep Oct Nov Dec
1991: Jan Feb Mar Apr May Jun Jul Aug Sep Oct Nov Dec
1990: Jan Feb Mar Apr May Jun Jul Aug Sep Oct Nov Dec
1989: Jan Feb Mar Apr May Jun Jul Aug Sep Oct Nov Dec
1988: Jan Feb Mar Apr May Jun Jul Aug Sep Oct Nov Dec
1987: Jan Feb Mar Apr May Jun Jul Aug Sep Oct Nov Dec
1986: Jan Feb Mar Apr May Jun Jul Aug Sep Oct Nov Dec

Report for 2018 August
                  MONTHLY CLIMATOLOGICAL SUMMARY FOR 8/2018
                                        HEAT  COOL        
     MEAN                               DEG   DEG       WIND SPEED       DOM MEAN  MEAN
DAY  TEMP  HIGH   TIME     LOW   TIME   DAYS  DAYS RAIN AVG  HI  TIME    DIR BAROM HUM
---------------------------------------------------------------------------------------
1    68.5  86.1  10:06am  55.6   4:39am    2    6  0.00   0   0  12:00am   N 30.40   46
2    74.8  90.9  10:06am  58.2   4:19am    2   11  0.00   0  20   5:23pm   E 30.33   40
3    69.3  81.4   8:43am  59.4   3:36pm    0    5  0.10   0   0  12:00am   N 30.30   51
4    76.2  93.6   9:50am  62.5   5:22am    0   11  0.00   1  20   2:56pm   E 30.28   36
5    71.4  84.1   1:05pm  61.0   7:59am    0    7  0.00   0   8   2:58pm NNE 30.32   48
6    67.9  81.9   8:29am  57.4   5:51am    2    5  0.14   0   0  12:00am   N 30.41   64
7    70.0  85.0   9:35am  56.5   5:31am    2    7  0.00   0  12   3:41pm SSE 30.37   61
8    68.5  80.3   5:33pm  57.6   6:04am    1    5  0.00   0   0  12:00am   N 30.41   57
9    73.5  88.9   9:44am  57.6   6:27am    1   10  0.00   0  17   5:01pm   E 30.44   43
10   74.4  91.3   9:51am  61.2   6:43am    0   10  0.00   0  18   6:25pm   E 30.45   41
11   70.7  91.6   9:52am  32.0  12:16am    3   10  7.99   11866   7:27pm  SE 28.24   43
12   73.7  90.4   9:51am  59.4   6:14am    1    9  0.00   1  21   4:41pm  SE 30.34   38
13   70.7  85.0   5:35pm  53.7   6:30am    2    8  0.00   1  16   5:24pm NNE 30.28   42
14   66.8  81.0   9:51am  56.5   6:28am    3    5  0.15   1  15   3:16pm   E 30.33   57
15   49.6  84.6   5:50pm  32.0  12:16am    7    2  8.14   01861  12:50am WSW 16.32   63
16   72.4  84.3   9:50am  59.4   5:21am    1    9  0.00   1  17   2:29pm   E 30.40   44
17   71.1  83.5   9:55am  57.4   6:51am    1    5  0.00   0   0  12:00am   N 30.44   48
---------------------------------------------------------------------------------------
TOT  57.3  84.6  8/15/18  32.0   3/4/20   32  122  8.14   01861   3/4/20   E 21.18   64

HEAT BASE: 65.0
COOL BASE: 65.0