NOAA-Style Climate Reports

Select a Year or Month report
2018: Jan Feb Mar Apr May Jun Jul Aug Sep Oct Nov Dec
2017: Jan Feb Mar Apr May Jun Jul Aug Sep Oct Nov Dec
2016: Jan Feb Mar Apr May Jun Jul Aug Sep Oct Nov Dec
2015: Jan Feb Mar Apr May Jun Jul Aug Sep Oct Nov Dec
2014: Jan Feb Mar Apr May Jun Jul Aug Sep Oct Nov Dec
2013: Jan Feb Mar Apr May Jun Jul Aug Sep Oct Nov Dec
2012: Jan Feb Mar Apr May Jun Jul Aug Sep Oct Nov Dec
2011: Jan Feb Mar Apr May Jun Jul Aug Sep Oct Nov Dec
2010: Jan Feb Mar Apr May Jun Jul Aug Sep Oct Nov Dec
2009: Jan Feb Mar Apr May Jun Jul Aug Sep Oct Nov Dec
2008: Jan Feb Mar Apr May Jun Jul Aug Sep Oct Nov Dec
2007: Jan Feb Mar Apr May Jun Jul Aug Sep Oct Nov Dec
2006: Jan Feb Mar Apr May Jun Jul Aug Sep Oct Nov Dec
2005: Jan Feb Mar Apr May Jun Jul Aug Sep Oct Nov Dec
2004: Jan Feb Mar Apr May Jun Jul Aug Sep Oct Nov Dec
2003: Jan Feb Mar Apr May Jun Jul Aug Sep Oct Nov Dec
2002: Jan Feb Mar Apr May Jun Jul Aug Sep Oct Nov Dec
2001: Jan Feb Mar Apr May Jun Jul Aug Sep Oct Nov Dec
2000: Jan Feb Mar Apr May Jun Jul Aug Sep Oct Nov Dec
1999: Jan Feb Mar Apr May Jun Jul Aug Sep Oct Nov Dec
1998: Jan Feb Mar Apr May Jun Jul Aug Sep Oct Nov Dec
1997: Jan Feb Mar Apr May Jun Jul Aug Sep Oct Nov Dec
1996: Jan Feb Mar Apr May Jun Jul Aug Sep Oct Nov Dec
1995: Jan Feb Mar Apr May Jun Jul Aug Sep Oct Nov Dec
1994: Jan Feb Mar Apr May Jun Jul Aug Sep Oct Nov Dec
1993: Jan Feb Mar Apr May Jun Jul Aug Sep Oct Nov Dec
1992: Jan Feb Mar Apr May Jun Jul Aug Sep Oct Nov Dec
1991: Jan Feb Mar Apr May Jun Jul Aug Sep Oct Nov Dec
1990: Jan Feb Mar Apr May Jun Jul Aug Sep Oct Nov Dec
1989: Jan Feb Mar Apr May Jun Jul Aug Sep Oct Nov Dec
1988: Jan Feb Mar Apr May Jun Jul Aug Sep Oct Nov Dec
1987: Jan Feb Mar Apr May Jun Jul Aug Sep Oct Nov Dec
1986: Jan Feb Mar Apr May Jun Jul Aug Sep Oct Nov Dec

Report for 2018 April
                  MONTHLY CLIMATOLOGICAL SUMMARY FOR 4/2018
                                        HEAT  COOL        
     MEAN                               DEG   DEG       WIND SPEED       DOM MEAN  MEAN
DAY  TEMP  HIGH   TIME     LOW   TIME   DAYS  DAYS RAIN AVG  HI  TIME    DIR BAROM HUM
---------------------------------------------------------------------------------------
1    41.1  67.7   5:17pm  25.0   6:05am   24    0  0.00   0   7   4:35pm   E 30.14   56
2    56.0  76.0  10:48am  30.6   1:25am   12    3  0.00   1  19  11:44pm WNW 29.82   32
3    40.7  66.6   5:25pm  29.2   7:20am   24    0  0.02   2  17  12:09am   E 30.17   37
4    45.9  72.0   2:46pm  24.1   6:30am   20    0  1.10   01847   6:20am   E 27.77   29
5    53.6  72.0   3:41pm  38.7   6:30am   12    1  0.00   1  11  11:54pm   E 30.19   34
6    31.8  44.3  12:00am  22.5  10:05pm   33    0  0.00   1  12   9:45am   E 30.20   66
7    43.1  66.6   2:58pm  21.6   4:44am   22    0  0.02   0   8   3:01pm   N 30.09   60
8    53.4  70.2   4:56pm  41.4  11:58pm   12    0  0.00   2  14  10:59am   N 29.98   40
9    44.4  74.2   4:01pm  30.1   6:17am   21    0  0.08   1  12   3:14pm   E 30.35   59
10   54.5  78.3   3:04pm  35.3   4:54am   12    2  0.00   0   4   8:39am NNE 30.34   34
11   64.2  91.8   3:40pm  46.6   6:50am    6    6  0.00   1  12   1:19pm   W 30.09   22
12   55.5  81.6   4:31pm  32.0  12:16am   11    3  1.20   11849  12:16am   W 27.00   35
13   34.7  44.8  11:22am  27.7   6:51am   27    0  0.25   2  22   2:10pm   N 30.03   63
14   40.2  67.2   3:37pm  27.0   3:33am   24    0  0.00   1  16  12:14pm   N 30.30   46
15   48.4  79.0   3:40pm  26.8   5:36am   17    1  0.00   0  14  11:37pm SSE 30.29   44
16   57.5  80.5   4:59pm  32.4   6:32am   10    3  0.00   0  14  10:50pm   E 30.10   36
17   33.2  42.3  12:50am  32.0  12:16am    3    0  0.00   01849  12:16am   W  6.29   53
18
19   46.8  54.9   8:19pm  32.0  12:16am    3    0  1.45   41849  12:16am   W 23.16   51
20   44.8  60.1  12:25pm  33.7  11:59pm   19    0  0.14   2  19  12:29am   S 30.15   52
21   33.5  39.4   1:33pm  29.4   6:16am   30    0  0.31   0   7  12:00am SSE 30.33   80
22   49.3  72.7   3:47pm  28.3   5:28am   16    1  1.90   01849  12:16am   E 27.90   60
23   57.7  81.0   3:39pm  37.1   6:16am   10    3  0.00   0   9  11:04pm NNE 30.28   49
24   32.9  39.1  12:00am  30.1   6:44am   30    0  0.18   0   8   4:58am   E 30.53   79
25   49.5  79.2   4:49pm  25.0   5:57am   16    2  0.10   0   9  10:21pm SSW 30.39   52
26   48.6  67.0   5:33pm  40.7   9:56pm   15    0  0.00   1  15   4:33am   N 30.39   42
27   57.9  83.9   5:28pm  36.4   4:47am   10    4  0.00   0   7   1:15am   E 30.32   34
28   61.3  83.7   1:32pm  39.6   5:40am    7    4  0.00   0  15   5:55pm   S 30.19   34
29   65.9  81.4   2:47pm  53.1   6:27am    4    5  0.00   1  11   3:11pm   W 30.02   30
30   60.4  81.6   2:38pm  44.8   6:35am    7    3  0.00   0  14   4:48pm   E 29.97   32
---------------------------------------------------------------------------------------
TOT  50.3  83.9  4/27/18  25.0  4/25/18  459   39  2.18   11846 11/16/20   E 28.97   51

HEAT BASE: 65.0
COOL BASE: 65.0