NOAA-Style Climate Reports

Select a Year or Month report
2018: Jan Feb Mar Apr May Jun Jul Aug Sep Oct Nov Dec
2017: Jan Feb Mar Apr May Jun Jul Aug Sep Oct Nov Dec
2016: Jan Feb Mar Apr May Jun Jul Aug Sep Oct Nov Dec
2015: Jan Feb Mar Apr May Jun Jul Aug Sep Oct Nov Dec
2014: Jan Feb Mar Apr May Jun Jul Aug Sep Oct Nov Dec
2013: Jan Feb Mar Apr May Jun Jul Aug Sep Oct Nov Dec
2012: Jan Feb Mar Apr May Jun Jul Aug Sep Oct Nov Dec
2011: Jan Feb Mar Apr May Jun Jul Aug Sep Oct Nov Dec
2010: Jan Feb Mar Apr May Jun Jul Aug Sep Oct Nov Dec
2009: Jan Feb Mar Apr May Jun Jul Aug Sep Oct Nov Dec
2008: Jan Feb Mar Apr May Jun Jul Aug Sep Oct Nov Dec
2007: Jan Feb Mar Apr May Jun Jul Aug Sep Oct Nov Dec
2006: Jan Feb Mar Apr May Jun Jul Aug Sep Oct Nov Dec
2005: Jan Feb Mar Apr May Jun Jul Aug Sep Oct Nov Dec
2004: Jan Feb Mar Apr May Jun Jul Aug Sep Oct Nov Dec
2003: Jan Feb Mar Apr May Jun Jul Aug Sep Oct Nov Dec
2002: Jan Feb Mar Apr May Jun Jul Aug Sep Oct Nov Dec
2001: Jan Feb Mar Apr May Jun Jul Aug Sep Oct Nov Dec
2000: Jan Feb Mar Apr May Jun Jul Aug Sep Oct Nov Dec
1999: Jan Feb Mar Apr May Jun Jul Aug Sep Oct Nov Dec
1998: Jan Feb Mar Apr May Jun Jul Aug Sep Oct Nov Dec
1997: Jan Feb Mar Apr May Jun Jul Aug Sep Oct Nov Dec
1996: Jan Feb Mar Apr May Jun Jul Aug Sep Oct Nov Dec
1995: Jan Feb Mar Apr May Jun Jul Aug Sep Oct Nov Dec
1994: Jan Feb Mar Apr May Jun Jul Aug Sep Oct Nov Dec
1993: Jan Feb Mar Apr May Jun Jul Aug Sep Oct Nov Dec
1992: Jan Feb Mar Apr May Jun Jul Aug Sep Oct Nov Dec
1991: Jan Feb Mar Apr May Jun Jul Aug Sep Oct Nov Dec
1990: Jan Feb Mar Apr May Jun Jul Aug Sep Oct Nov Dec
1989: Jan Feb Mar Apr May Jun Jul Aug Sep Oct Nov Dec
1988: Jan Feb Mar Apr May Jun Jul Aug Sep Oct Nov Dec
1987: Jan Feb Mar Apr May Jun Jul Aug Sep Oct Nov Dec
1986: Jan Feb Mar Apr May Jun Jul Aug Sep Oct Nov Dec

Report for 2018 May
                  MONTHLY CLIMATOLOGICAL SUMMARY FOR 5/2018
                                        HEAT  COOL        
     MEAN                               DEG   DEG       WIND SPEED       DOM MEAN  MEAN
DAY  TEMP  HIGH   TIME     LOW   TIME   DAYS  DAYS RAIN AVG  HI  TIME    DIR BAROM HUM
---------------------------------------------------------------------------------------
1    53.4  74.2   2:56pm  43.2   1:41am   12    0  0.00   1  14  12:00pm   E 30.06   56
2    44.4  54.0   1:33pm  40.3   4:57am   19    0  0.39   0   8   9:44am NNE 30.15   76
3    39.5  50.4   3:08pm  34.0   8:15am   24    0  0.82   1  12  10:09am NNE 30.24   84
4    55.9  79.4   5:46pm  37.6   5:38am   11    2  0.00   1   8   7:14pm WSW 30.46   51
5    62.3  83.5   3:55pm  47.2   5:43am    7    4  0.00   1   8   5:10pm   W 30.43   36
6    66.4  88.0   3:54pm  48.6   6:13am    5    6  0.00   0   8   3:01pm   E 30.41   36
7    65.6  86.4   3:31pm  47.5   5:57am    4    5  0.00   0   7   2:01pm SSE 30.34   34
8    66.5  87.3   4:17pm  48.1   6:18am    4    5  0.00   0  10  11:56am   E 30.31   36
9    67.5  85.9   2:35pm  46.8   5:29am    3    5  0.00   0   9   2:48pm   E 30.27   36
10   71.4  92.2   4:14pm  46.8   6:11am    4   10  0.00   1  14   4:29pm   W 30.12   35
11   34.2  46.2   2:04am  32.0  12:16am    2    0  0.00   01849  12:16am   W  6.30  100
12
13
14   54.0  70.2   4:05pm  32.0  12:16am    6    1  3.55   11852   1:03pm   E 24.92   67
15   60.2  78.9   3:00pm  41.8   6:03am    8    3  0.00   1  11   5:36pm   E 30.31   55
16   67.7  88.6  10:10am  46.5   5:57am    5    7  0.00   1  14   1:58pm   E 30.26   39
17   71.2  91.6  10:14am  50.1   5:57am    3    9  0.00   0  14   2:34pm   E 30.11   37
18   55.8  68.8   1:04pm  49.0  11:46pm    9    0  0.00   1  13   4:34pm NNE 30.18   64
19   44.6  49.0  12:00am  41.2  11:38pm   20    0  0.14   1  11  11:08am NNE 30.33   80
20   47.3  56.7   2:22pm  40.0   4:54am   18    0  0.00   1   6   2:09pm   E 30.37   74
21   63.7  80.8   1:27pm  43.4   6:17am    6    5  0.00   1   8   2:57pm  SW 30.23   47
22   65.6  85.9  10:06am  49.2   5:45am    5    5  0.00   1  11   5:59pm   E 30.18   45
23   67.2  87.0  10:11am  48.3   5:46am    5    7  0.00   0  17   2:04pm   W 30.22   44
24   70.0  92.2  10:12am  52.6   5:40am    4    9  0.00   0   8   4:56pm   E 30.31   37
25   74.1  97.4  10:05am  55.1   1:51am    3   11  0.00   1  15   3:59pm   E 30.28   31
26   77.0 102.1   9:55am  55.1   5:41am    1   13  0.00   1  19   1:55pm SSW 30.15   28
27   72.6 100.8   9:52am  58.3  11:42pm    1    8  0.00   0  16   3:58pm NNE 30.13   32
28   57.6  78.0   9:42am  49.5   8:31pm    8    1  0.98   1  12  12:25am NNE 30.23   69
29   59.7  86.8  10:01am  32.0  12:16am    8    5  4.67   01852   1:03pm NNE 26.88   59
30   67.2  93.4   9:43am  51.0   2:31am    5    7  0.00   0   9   3:13pm SSE 30.17   47
31   73.8  94.9   9:48am  54.9  12:25am    3   11  0.00   1  17   3:50pm SSE 30.13   34
---------------------------------------------------------------------------------------
TOT  62.7 102.1  5/26/18  32.0   3/4/20  212  141  4.67   11846 11/16/20   E 28.85   51

HEAT BASE: 65.0
COOL BASE: 65.0